{"id":2592,"date":"2019-05-28T13:09:50","date_gmt":"2019-05-28T11:09:50","guid":{"rendered":"https:\/\/www.ds.cz\/wp-content\/uploads\/2019\/05\/Vald\u0161tejnsk\u00e1-1.jpg"},"modified":"2024-05-03T09:27:22","modified_gmt":"2024-05-03T07:27:22","slug":"valdstejnska-2","status":"inherit","type":"attachment","link":"https:\/\/www.ds.cz\/en\/valdstejnska-2\/","title":{"rendered":"Vald\u0161tejnsk\u00e1"},"author":2,"comment_status":"open","ping_status":"closed","template":"","meta":{"_acf_changed":false},"acf":[],"aioseo_notices":[],"description":{"rendered":"<p class=\"attachment\"><a href='https:\/\/www.ds.cz\/wp-content\/uploads\/2019\/05\/Vald\u0161tejnsk\u00e1-1.jpg'><img loading=\"lazy\" decoding=\"async\" width=\"300\" height=\"225\" src=\"https:\/\/www.ds.cz\/wp-content\/uploads\/2019\/05\/Vald\u0161tejnsk\u00e1-1-300x225.jpg\" class=\"attachment-medium size-medium\" alt=\"Praha 1 \u2013 Mal\u00e1 Strana\" srcset=\"https:\/\/www.ds.cz\/wp-content\/uploads\/2019\/05\/Vald\u0161tejnsk\u00e1-1-300x225.jpg 300w, https:\/\/www.ds.cz\/wp-content\/uploads\/2019\/05\/Vald\u0161tejnsk\u00e1-1.jpg 666w\" sizes=\"(max-width: 300px) 100vw, 300px\" \/><\/a><\/p>\n"},"caption":{"rendered":""},"alt_text":"Praha 1 \u2013 Mal\u00e1 Strana","media_type":"image","mime_type":"image\/jpeg","media_details":{"width":666,"height":500,"file":"2019\/05\/Vald\u0161tejnsk\u00e1-1.jpg","sizes":{"thumbnail":{"file":"Vald\u0161tejnsk\u00e1-1-150x150.jpg","width":150,"height":150,"mime_type":"image\/jpeg","source_url":"https:\/\/www.ds.cz\/wp-content\/uploads\/2019\/05\/Vald\u0161tejnsk\u00e1-1-150x150.jpg"},"medium":{"file":"Vald\u0161tejnsk\u00e1-1-300x225.jpg","width":300,"height":225,"mime_type":"image\/jpeg","source_url":"https:\/\/www.ds.cz\/wp-content\/uploads\/2019\/05\/Vald\u0161tejnsk\u00e1-1-300x225.jpg"},"post-thumbnail":{"file":"Vald\u0161tejnsk\u00e1-1-604x270.jpg","width":604,"height":270,"mime_type":"image\/jpeg","source_url":"https:\/\/www.ds.cz\/wp-content\/uploads\/2019\/05\/Vald\u0161tejnsk\u00e1-1-604x270.jpg"},"category-thumb":{"file":"Vald\u0161tejnsk\u00e1-1-300x300.jpg","width":300,"height":300,"mime_type":"image\/jpeg","source_url":"https:\/\/www.ds.cz\/wp-content\/uploads\/2019\/05\/Vald\u0161tejnsk\u00e1-1-300x300.jpg"},"homepage-thumb":{"file":"Vald\u0161tejnsk\u00e1-1-220x220.jpg","width":220,"height":220,"mime_type":"image\/jpeg","source_url":"https:\/\/www.ds.cz\/wp-content\/uploads\/2019\/05\/Vald\u0161tejnsk\u00e1-1-220x220.jpg"},"full":{"file":"Vald\u0161tejnsk\u00e1-1.jpg","width":666,"height":500,"mime_type":"image\/jpeg","source_url":"https:\/\/www.ds.cz\/wp-content\/uploads\/2019\/05\/Vald\u0161tejnsk\u00e1-1.jpg"}},"image_meta":{"aperture":"0","credit":"","camera":"","caption":"","created_timestamp":"0","copyright":"","focal_length":"0","iso":"0","shutter_speed":"0","title":"","orientation":"0","keywords":[],"resized_images":["149x150","182x150","180x150","179x150","177x150","177x110","177x100"]}},"post":null,"source_url":"https:\/\/www.ds.cz\/wp-content\/uploads\/2019\/05\/Vald\u0161tejnsk\u00e1-1.jpg","_links":{"self":[{"href":"https:\/\/www.ds.cz\/en\/wp-json\/wp\/v2\/media\/2592"}],"collection":[{"href":"https:\/\/www.ds.cz\/en\/wp-json\/wp\/v2\/media"}],"about":[{"href":"https:\/\/www.ds.cz\/en\/wp-json\/wp\/v2\/types\/attachment"}],"author":[{"embeddable":true,"href":"https:\/\/www.ds.cz\/en\/wp-json\/wp\/v2\/users\/2"}],"replies":[{"embeddable":true,"href":"https:\/\/www.ds.cz\/en\/wp-json\/wp\/v2\/comments?post=2592"}]}}

https://www.ds.cz/wp-content/uploads/2019/05/Valdštejnská-1.jpg

Valdštejnská

<p class="attachment"><a href='https://www.ds.cz/wp-content/uploads/2019/05/Valdštejnská-1.jpg'><img loading="lazy" decoding="async" width="300" height="225" src="https://www.ds.cz/wp-content/uploads/2019/05/Valdštejnská-1-300x225.jpg" class="attachment-medium size-medium" alt="Praha 1 – Malá Strana" srcset="https://www.ds.cz/wp-content/uploads/2019/05/Valdštejnská-1-300x225.jpg 300w, https://www.ds.cz/wp-content/uploads/2019/05/Valdštejnská-1.jpg 666w" sizes="(max-width: 300px) 100vw, 300px" /></a></p>

Praha 1 – Malá Strana

2019/05/Valdštejnská-1.jpg

Valdštejnská-1-150x150.jpg

https://www.ds.cz/wp-content/uploads/2019/05/Valdštejnská-1-150x150.jpg

Valdštejnská-1-300x225.jpg

https://www.ds.cz/wp-content/uploads/2019/05/Valdštejnská-1-300x225.jpg

Valdštejnská-1-604x270.jpg

https://www.ds.cz/wp-content/uploads/2019/05/Valdštejnská-1-604x270.jpg

Valdštejnská-1-300x300.jpg

https://www.ds.cz/wp-content/uploads/2019/05/Valdštejnská-1-300x300.jpg

Valdštejnská-1-220x220.jpg

https://www.ds.cz/wp-content/uploads/2019/05/Valdštejnská-1-220x220.jpg

Valdštejnská-1.jpg
