{"id":2594,"date":"2019-05-28T13:09:54","date_gmt":"2019-05-28T11:09:54","guid":{"rendered":"https:\/\/www.ds.cz\/wp-content\/uploads\/2019\/05\/Vla\u0161sk\u00e1-19-1.jpg"},"modified":"2024-05-03T09:26:41","modified_gmt":"2024-05-03T07:26:41","slug":"namecka-velvyslanectva-namecka-spolkova-republika-namecko-srn-bundesrepublik-deutschland-brd-v-aoeeska-republice-nsr-zahrada-park-lobkovick-2","status":"inherit","type":"attachment","link":"https:\/\/www.ds.cz\/en\/namecka-velvyslanectva-namecka-spolkova-republika-namecko-srn-bundesrepublik-deutschland-brd-v-aoeeska-republice-nsr-zahrada-park-lobkovick-2\/","title":{"rendered":"Vla\u0161sk\u00e1 19"},"author":2,"comment_status":"open","ping_status":"closed","template":"","meta":{"_acf_changed":false},"acf":[],"aioseo_notices":[],"description":{"rendered":"<p class=\"attachment\"><a href='https:\/\/www.ds.cz\/wp-content\/uploads\/2019\/05\/Vla\u0161sk\u00e1-19-1.jpg'><img loading=\"lazy\" decoding=\"async\" width=\"300\" height=\"169\" src=\"https:\/\/www.ds.cz\/wp-content\/uploads\/2019\/05\/Vla\u0161sk\u00e1-19-1-300x169.jpg\" class=\"attachment-medium size-medium\" alt=\"Praha 1 \u2013 Mal\u00e1 Strana\" srcset=\"https:\/\/www.ds.cz\/wp-content\/uploads\/2019\/05\/Vla\u0161sk\u00e1-19-1-300x169.jpg 300w, https:\/\/www.ds.cz\/wp-content\/uploads\/2019\/05\/Vla\u0161sk\u00e1-19-1-768x432.jpg 768w, https:\/\/www.ds.cz\/wp-content\/uploads\/2019\/05\/Vla\u0161sk\u00e1-19-1.jpg 800w\" sizes=\"(max-width: 300px) 100vw, 300px\" \/><\/a><\/p>\n"},"caption":{"rendered":""},"alt_text":"Praha 1 \u2013 Mal\u00e1 Strana","media_type":"image","mime_type":"image\/jpeg","media_details":{"width":800,"height":450,"file":"2019\/05\/Vla\u0161sk\u00e1-19-1.jpg","sizes":{"thumbnail":{"file":"Vla\u0161sk\u00e1-19-1-150x150.jpg","width":150,"height":150,"mime_type":"image\/jpeg","source_url":"https:\/\/www.ds.cz\/wp-content\/uploads\/2019\/05\/Vla\u0161sk\u00e1-19-1-150x150.jpg"},"medium":{"file":"Vla\u0161sk\u00e1-19-1-300x169.jpg","width":300,"height":169,"mime_type":"image\/jpeg","source_url":"https:\/\/www.ds.cz\/wp-content\/uploads\/2019\/05\/Vla\u0161sk\u00e1-19-1-300x169.jpg"},"medium_large":{"file":"Vla\u0161sk\u00e1-19-1-768x432.jpg","width":768,"height":432,"mime_type":"image\/jpeg","source_url":"https:\/\/www.ds.cz\/wp-content\/uploads\/2019\/05\/Vla\u0161sk\u00e1-19-1-768x432.jpg"},"post-thumbnail":{"file":"Vla\u0161sk\u00e1-19-1-604x270.jpg","width":604,"height":270,"mime_type":"image\/jpeg","source_url":"https:\/\/www.ds.cz\/wp-content\/uploads\/2019\/05\/Vla\u0161sk\u00e1-19-1-604x270.jpg"},"category-thumb":{"file":"Vla\u0161sk\u00e1-19-1-300x300.jpg","width":300,"height":300,"mime_type":"image\/jpeg","source_url":"https:\/\/www.ds.cz\/wp-content\/uploads\/2019\/05\/Vla\u0161sk\u00e1-19-1-300x300.jpg"},"homepage-thumb":{"file":"Vla\u0161sk\u00e1-19-1-220x220.jpg","width":220,"height":220,"mime_type":"image\/jpeg","source_url":"https:\/\/www.ds.cz\/wp-content\/uploads\/2019\/05\/Vla\u0161sk\u00e1-19-1-220x220.jpg"},"full":{"file":"Vla\u0161sk\u00e1-19-1.jpg","width":800,"height":450,"mime_type":"image\/jpeg","source_url":"https:\/\/www.ds.cz\/wp-content\/uploads\/2019\/05\/Vla\u0161sk\u00e1-19-1.jpg"}},"image_meta":{"aperture":"0","credit":"CTK","camera":"","caption":"Lobkovick\u00c3\u00bd pal\u00c3\u00a1c ve Vla\u00c5\u00a1sk\u00c3\u00a9 ulici v Praze na Mal\u00c3\u00a9 Stran\u00c4\u203a, kter\u00c3\u00bd je od roku 1974 s\u00c3\u00addlem n\u00c4\u203ameck\u00c3\u00a9ho velvyslanectv\u00c3\u00ad. --- Building of the German Embassy in Lobkowicz (Lobkovicky)Palace in Vlasska street in Prague's Lesser Town (Lesser Quarter). Garden view. (CTK Photo Martin Sterba, Josef Horazny)","created_timestamp":"0","copyright":"","focal_length":"0","iso":"0","shutter_speed":"0","title":"n\u00c4\u203ameck\u00c3\u00a9, Velvyslanectv\u00c3\u00ad N\u00c4\u203amecka (Spolkov\u00c3\u00a1 republika N\u00c4\u203amecko, SRN, Bundesrepublik Deutschland, BRD) v \u00c4\u0152esk\u00c3\u00a9 republice, NSR, zahrada, park, Lobkovick\u00c3\u00bd pal\u00c3\u00a1c,","orientation":"0","keywords":["N\u00c4\u203amecko","\u00c4\u0152R","diplomacie","historie"],"resized_images":["149x150","182x150","180x150","179x150","177x150","177x110","177x100","172x200"]}},"post":null,"source_url":"https:\/\/www.ds.cz\/wp-content\/uploads\/2019\/05\/Vla\u0161sk\u00e1-19-1.jpg","_links":{"self":[{"href":"https:\/\/www.ds.cz\/en\/wp-json\/wp\/v2\/media\/2594"}],"collection":[{"href":"https:\/\/www.ds.cz\/en\/wp-json\/wp\/v2\/media"}],"about":[{"href":"https:\/\/www.ds.cz\/en\/wp-json\/wp\/v2\/types\/attachment"}],"author":[{"embeddable":true,"href":"https:\/\/www.ds.cz\/en\/wp-json\/wp\/v2\/users\/2"}],"replies":[{"embeddable":true,"href":"https:\/\/www.ds.cz\/en\/wp-json\/wp\/v2\/comments?post=2594"}]}}

https://www.ds.cz/wp-content/uploads/2019/05/Vlašská-19-1.jpg

Vlašská 19

<p class="attachment"><a href='https://www.ds.cz/wp-content/uploads/2019/05/Vlašská-19-1.jpg'><img loading="lazy" decoding="async" width="300" height="169" src="https://www.ds.cz/wp-content/uploads/2019/05/Vlašská-19-1-300x169.jpg" class="attachment-medium size-medium" alt="Praha 1 – Malá Strana" srcset="https://www.ds.cz/wp-content/uploads/2019/05/Vlašská-19-1-300x169.jpg 300w, https://www.ds.cz/wp-content/uploads/2019/05/Vlašská-19-1-768x432.jpg 768w, https://www.ds.cz/wp-content/uploads/2019/05/Vlašská-19-1.jpg 800w" sizes="(max-width: 300px) 100vw, 300px" /></a></p>

Praha 1 – Malá Strana

2019/05/Vlašská-19-1.jpg

Vlašská-19-1-150x150.jpg

https://www.ds.cz/wp-content/uploads/2019/05/Vlašská-19-1-150x150.jpg

Vlašská-19-1-300x169.jpg

https://www.ds.cz/wp-content/uploads/2019/05/Vlašská-19-1-300x169.jpg

Vlašská-19-1-768x432.jpg

https://www.ds.cz/wp-content/uploads/2019/05/Vlašská-19-1-768x432.jpg

Vlašská-19-1-604x270.jpg

https://www.ds.cz/wp-content/uploads/2019/05/Vlašská-19-1-604x270.jpg

Vlašská-19-1-300x300.jpg

https://www.ds.cz/wp-content/uploads/2019/05/Vlašská-19-1-300x300.jpg

Vlašská-19-1-220x220.jpg

https://www.ds.cz/wp-content/uploads/2019/05/Vlašská-19-1-220x220.jpg

Vlašská-19-1.jpg

LobkovickÃ½ palÃ¡c ve VlaÅ¡skÃ© ulici v Praze na MalÃ© StranÄ›, kterÃ½ je od roku 1974 sÃ­dlem nÄ›meckÃ©ho velvyslanectvÃ­. --- Building of the German Embassy in Lobkowicz (Lobkovicky)Palace in Vlasska street in Prague's Lesser Town (Lesser Quarter). Garden view. (CTK Photo Martin Sterba, Josef Horazny)

nÄ›meckÃ©, VelvyslanectvÃ­ NÄ›mecka (SpolkovÃ¡ republika NÄ›mecko, SRN, Bundesrepublik Deutschland, BRD) v ÄŒeskÃ© republice, NSR, zahrada, park, LobkovickÃ½ palÃ¡c,

NÄ›mecko

ÄŒR
