{"id":2595,"date":"2019-05-28T13:09:55","date_gmt":"2019-05-28T11:09:55","guid":{"rendered":"https:\/\/www.ds.cz\/wp-content\/uploads\/2019\/05\/Vla\u0161sk\u00e1-21.jpg"},"modified":"2024-05-03T09:26:21","modified_gmt":"2024-05-03T07:26:21","slug":"vlasska-21","status":"inherit","type":"attachment","link":"https:\/\/www.ds.cz\/en\/vlasska-21\/","title":{"rendered":"Vla\u0161sk\u00e1 21"},"author":2,"comment_status":"open","ping_status":"closed","template":"","meta":{"_acf_changed":false},"acf":[],"aioseo_notices":[],"description":{"rendered":"<p class=\"attachment\"><a href='https:\/\/www.ds.cz\/wp-content\/uploads\/2019\/05\/Vla\u0161sk\u00e1-21-e1559041810116.jpg'><img loading=\"lazy\" decoding=\"async\" width=\"300\" height=\"197\" src=\"https:\/\/www.ds.cz\/wp-content\/uploads\/2019\/05\/Vla\u0161sk\u00e1-21-e1559041810116-300x197.jpg\" class=\"attachment-medium size-medium\" alt=\"Praha 1 \u2013 Mal\u00e1 Strana\" srcset=\"https:\/\/www.ds.cz\/wp-content\/uploads\/2019\/05\/Vla\u0161sk\u00e1-21-e1559041810116-300x197.jpg 300w, https:\/\/www.ds.cz\/wp-content\/uploads\/2019\/05\/Vla\u0161sk\u00e1-21-e1559041810116.jpg 640w\" sizes=\"(max-width: 300px) 100vw, 300px\" \/><\/a><\/p>\n"},"caption":{"rendered":""},"alt_text":"Praha 1 \u2013 Mal\u00e1 Strana","media_type":"image","mime_type":"image\/jpeg","media_details":{"width":640,"height":420,"file":"2019\/05\/Vla\u0161sk\u00e1-21-e1559041810116.jpg","sizes":{"thumbnail":{"file":"Vla\u0161sk\u00e1-21-e1559041810116-150x150.jpg","width":150,"height":150,"mime_type":"image\/jpeg","source_url":"https:\/\/www.ds.cz\/wp-content\/uploads\/2019\/05\/Vla\u0161sk\u00e1-21-e1559041810116-150x150.jpg"},"medium":{"file":"Vla\u0161sk\u00e1-21-e1559041810116-300x197.jpg","width":300,"height":197,"mime_type":"image\/jpeg","source_url":"https:\/\/www.ds.cz\/wp-content\/uploads\/2019\/05\/Vla\u0161sk\u00e1-21-e1559041810116-300x197.jpg"},"post-thumbnail":{"file":"Vla\u0161sk\u00e1-21-e1559041810116-604x270.jpg","width":604,"height":270,"mime_type":"image\/jpeg","source_url":"https:\/\/www.ds.cz\/wp-content\/uploads\/2019\/05\/Vla\u0161sk\u00e1-21-e1559041810116-604x270.jpg"},"category-thumb":{"file":"Vla\u0161sk\u00e1-21-e1559041810116-300x300.jpg","width":300,"height":300,"mime_type":"image\/jpeg","source_url":"https:\/\/www.ds.cz\/wp-content\/uploads\/2019\/05\/Vla\u0161sk\u00e1-21-e1559041810116-300x300.jpg"},"homepage-thumb":{"file":"Vla\u0161sk\u00e1-21-e1559041810116-220x220.jpg","width":220,"height":220,"mime_type":"image\/jpeg","source_url":"https:\/\/www.ds.cz\/wp-content\/uploads\/2019\/05\/Vla\u0161sk\u00e1-21-e1559041810116-220x220.jpg"},"full":{"file":"Vla\u0161sk\u00e1-21-e1559041810116.jpg","width":640,"height":420,"mime_type":"image\/jpeg","source_url":"https:\/\/www.ds.cz\/wp-content\/uploads\/2019\/05\/Vla\u0161sk\u00e1-21-e1559041810116.jpg"}},"image_meta":{"aperture":"5.6","credit":"","camera":"DSC-P93A","caption":"","created_timestamp":"1196242533","copyright":"","focal_length":"7.9","iso":"100","shutter_speed":"0.0125","title":"","orientation":"1","keywords":[]}},"post":null,"source_url":"https:\/\/www.ds.cz\/wp-content\/uploads\/2019\/05\/Vla\u0161sk\u00e1-21-e1559041810116.jpg","_links":{"self":[{"href":"https:\/\/www.ds.cz\/en\/wp-json\/wp\/v2\/media\/2595"}],"collection":[{"href":"https:\/\/www.ds.cz\/en\/wp-json\/wp\/v2\/media"}],"about":[{"href":"https:\/\/www.ds.cz\/en\/wp-json\/wp\/v2\/types\/attachment"}],"author":[{"embeddable":true,"href":"https:\/\/www.ds.cz\/en\/wp-json\/wp\/v2\/users\/2"}],"replies":[{"embeddable":true,"href":"https:\/\/www.ds.cz\/en\/wp-json\/wp\/v2\/comments?post=2595"}]}}

https://www.ds.cz/wp-content/uploads/2019/05/Vlašská-21.jpg

Vlašská 21

<p class="attachment"><a href='https://www.ds.cz/wp-content/uploads/2019/05/Vlašská-21-e1559041810116.jpg'><img loading="lazy" decoding="async" width="300" height="197" src="https://www.ds.cz/wp-content/uploads/2019/05/Vlašská-21-e1559041810116-300x197.jpg" class="attachment-medium size-medium" alt="Praha 1 – Malá Strana" srcset="https://www.ds.cz/wp-content/uploads/2019/05/Vlašská-21-e1559041810116-300x197.jpg 300w, https://www.ds.cz/wp-content/uploads/2019/05/Vlašská-21-e1559041810116.jpg 640w" sizes="(max-width: 300px) 100vw, 300px" /></a></p>

Praha 1 – Malá Strana

2019/05/Vlašská-21-e1559041810116.jpg

Vlašská-21-e1559041810116-150x150.jpg

https://www.ds.cz/wp-content/uploads/2019/05/Vlašská-21-e1559041810116-150x150.jpg

Vlašská-21-e1559041810116-300x197.jpg

https://www.ds.cz/wp-content/uploads/2019/05/Vlašská-21-e1559041810116-300x197.jpg

Vlašská-21-e1559041810116-604x270.jpg

https://www.ds.cz/wp-content/uploads/2019/05/Vlašská-21-e1559041810116-604x270.jpg

Vlašská-21-e1559041810116-300x300.jpg

https://www.ds.cz/wp-content/uploads/2019/05/Vlašská-21-e1559041810116-300x300.jpg

Vlašská-21-e1559041810116-220x220.jpg

https://www.ds.cz/wp-content/uploads/2019/05/Vlašská-21-e1559041810116-220x220.jpg

Vlašská-21-e1559041810116.jpg

https://www.ds.cz/wp-content/uploads/2019/05/Vlašská-21-e1559041810116.jpg
