{"id":5147,"date":"2020-06-30T09:41:01","date_gmt":"2020-06-30T07:41:01","guid":{"rendered":"https:\/\/www.ds.cz\/wp-content\/uploads\/2020\/06\/Informace-pro-\u00fa\u010dastn\u00edky-v\u00fdb\u011brov\u00e9ho-\u0159\u00edzen\u00ed-a-ve\u0159ejnost-1.doc"},"modified":"2020-06-30T09:41:01","modified_gmt":"2020-06-30T07:41:01","slug":"informace-pro-ucastniky-vyberoveho-rizeni-a-verejnost-6","status":"inherit","type":"attachment","link":"https:\/\/www.ds.cz\/en\/vyberova-rizeni-pronajem\/informace-pro-ucastniky-vyberoveho-rizeni-a-verejnost-6\/","title":{"rendered":"Informace pro \u00fa\u010dastn\u00edky v\u00fdb\u011brov\u00e9ho \u0159\u00edzen\u00ed a ve\u0159ejnost"},"author":5,"comment_status":"open","ping_status":"closed","template":"","meta":{"_acf_changed":false},"acf":[],"aioseo_notices":[],"description":{"rendered":"<p class=\"attachment\"><a href='https:\/\/www.ds.cz\/wp-content\/uploads\/2020\/06\/Informace-pro-\u00fa\u010dastn\u00edky-v\u00fdb\u011brov\u00e9ho-\u0159\u00edzen\u00ed-a-ve\u0159ejnost-1.doc'>Informace pro \u00fa\u010dastn\u00edky v\u00fdb\u011brov\u00e9ho \u0159\u00edzen\u00ed a ve\u0159ejnost<\/a><\/p>\n"},"caption":{"rendered":"<p>Informace pro \u00fa\u010dastn\u00edky v\u00fdb\u011brov\u00e9ho \u0159\u00edzen\u00ed a ve\u0159ejnost<\/p>\n"},"alt_text":"","media_type":"file","mime_type":"application\/msword","media_details":{},"post":3443,"source_url":"https:\/\/www.ds.cz\/wp-content\/uploads\/2020\/06\/Informace-pro-\u00fa\u010dastn\u00edky-v\u00fdb\u011brov\u00e9ho-\u0159\u00edzen\u00ed-a-ve\u0159ejnost-1.doc","_links":{"self":[{"href":"https:\/\/www.ds.cz\/en\/wp-json\/wp\/v2\/media\/5147"}],"collection":[{"href":"https:\/\/www.ds.cz\/en\/wp-json\/wp\/v2\/media"}],"about":[{"href":"https:\/\/www.ds.cz\/en\/wp-json\/wp\/v2\/types\/attachment"}],"author":[{"embeddable":true,"href":"https:\/\/www.ds.cz\/en\/wp-json\/wp\/v2\/users\/5"}],"replies":[{"embeddable":true,"href":"https:\/\/www.ds.cz\/en\/wp-json\/wp\/v2\/comments?post=5147"}]}}

https://www.ds.cz/wp-content/uploads/2020/06/Informace-pro-účastníky-výběrového-řízení-a-veřejnost-1.doc

Informace pro účastníky výběrového řízení a veřejnost

<p class="attachment"><a href='https://www.ds.cz/wp-content/uploads/2020/06/Informace-pro-účastníky-výběrového-řízení-a-veřejnost-1.doc'>Informace pro účastníky výběrového řízení a veřejnost</a></p>

<p>Informace pro účastníky výběrového řízení a veřejnost</p>
