{"id":5289,"date":"2020-08-18T11:24:07","date_gmt":"2020-08-18T09:24:07","guid":{"rendered":"https:\/\/www.ds.cz\/wp-content\/uploads\/2020\/08\/Nab\u00eddka-a-prohl\u00e1\u0161en\u00ed-\u00fa\u010dastn\u00edka-v\u00fdb\u011brov\u00e9ho-\u0159\u00edzen\u00ed-pr\u00e1vnick\u00e9-osoby.doc"},"modified":"2020-08-18T11:24:07","modified_gmt":"2020-08-18T09:24:07","slug":"nabidka-a-prohlaseni-ucastnika-vyberoveho-rizeni-pravnicke-osoby-9","status":"inherit","type":"attachment","link":"https:\/\/www.ds.cz\/en\/nabidka-a-prohlaseni-ucastnika-vyberoveho-rizeni-pravnicke-osoby-9\/","title":{"rendered":"Nab\u00eddka a prohl\u00e1\u0161en\u00ed \u00fa\u010dastn\u00edka v\u00fdb\u011brov\u00e9ho \u0159\u00edzen\u00ed &#8211; pr\u00e1vnick\u00e9 osoby"},"author":2,"comment_status":"open","ping_status":"closed","template":"","meta":{"_acf_changed":false},"acf":[],"aioseo_notices":[],"description":{"rendered":"<p class=\"attachment\"><a href='https:\/\/www.ds.cz\/wp-content\/uploads\/2020\/08\/Nab\u00eddka-a-prohl\u00e1\u0161en\u00ed-\u00fa\u010dastn\u00edka-v\u00fdb\u011brov\u00e9ho-\u0159\u00edzen\u00ed-pr\u00e1vnick\u00e9-osoby.doc'>Nab\u00eddka a prohl\u00e1\u0161en\u00ed \u00fa\u010dastn\u00edka v\u00fdb\u011brov\u00e9ho \u0159\u00edzen\u00ed - pr\u00e1vnick\u00e9 osoby<\/a><\/p>\n"},"caption":{"rendered":"<p>Nab\u00eddka a prohl\u00e1\u0161en\u00ed \u00fa\u010dastn\u00edka v\u00fdb\u011brov\u00e9ho \u0159\u00edzen\u00ed &#8211; pr\u00e1vnick\u00e9 osoby<\/p>\n"},"alt_text":"","media_type":"file","mime_type":"application\/msword","media_details":{},"post":null,"source_url":"https:\/\/www.ds.cz\/wp-content\/uploads\/2020\/08\/Nab\u00eddka-a-prohl\u00e1\u0161en\u00ed-\u00fa\u010dastn\u00edka-v\u00fdb\u011brov\u00e9ho-\u0159\u00edzen\u00ed-pr\u00e1vnick\u00e9-osoby.doc","_links":{"self":[{"href":"https:\/\/www.ds.cz\/en\/wp-json\/wp\/v2\/media\/5289"}],"collection":[{"href":"https:\/\/www.ds.cz\/en\/wp-json\/wp\/v2\/media"}],"about":[{"href":"https:\/\/www.ds.cz\/en\/wp-json\/wp\/v2\/types\/attachment"}],"author":[{"embeddable":true,"href":"https:\/\/www.ds.cz\/en\/wp-json\/wp\/v2\/users\/2"}],"replies":[{"embeddable":true,"href":"https:\/\/www.ds.cz\/en\/wp-json\/wp\/v2\/comments?post=5289"}]}}

https://www.ds.cz/wp-content/uploads/2020/08/Nabídka-a-prohlášení-účastníka-výběrového-řízení-právnické-osoby.doc

Nabídka a prohlášení účastníka výběrového řízení &#8211; právnické osoby

<p class="attachment"><a href='https://www.ds.cz/wp-content/uploads/2020/08/Nabídka-a-prohlášení-účastníka-výběrového-řízení-právnické-osoby.doc'>Nabídka a prohlášení účastníka výběrového řízení - právnické osoby</a></p>

<p>Nabídka a prohlášení účastníka výběrového řízení &#8211; právnické osoby</p>
