{"id":8350,"date":"2023-08-29T12:00:22","date_gmt":"2023-08-29T10:00:22","guid":{"rendered":"https:\/\/www.ds.cz\/wp-content\/uploads\/2023\/08\/Navrh-Smlouvy-o-najmu-nemovite-veci-kancelar-1.pdf"},"modified":"2023-08-29T12:00:22","modified_gmt":"2023-08-29T10:00:22","slug":"navrh-smlouvy-o-najmu-nemovite-veci-kancelar-7","status":"inherit","type":"attachment","link":"https:\/\/www.ds.cz\/en\/navrh-smlouvy-o-najmu-nemovite-veci-kancelar-7\/","title":{"rendered":"N\u00e1vrh Smlouvy o n\u00e1jmu nemovit\u00e9 v\u011bci &#8211; kancel\u00e1\u0159"},"author":2,"comment_status":"","ping_status":"closed","template":"","meta":{"_acf_changed":false},"acf":[],"aioseo_notices":[],"description":{"rendered":"<p class=\"attachment\"><a href='https:\/\/www.ds.cz\/wp-content\/uploads\/2023\/08\/Navrh-Smlouvy-o-najmu-nemovite-veci-kancelar-1.pdf'><img loading=\"lazy\" decoding=\"async\" width=\"212\" height=\"300\" src=\"https:\/\/www.ds.cz\/wp-content\/uploads\/2023\/08\/Navrh-Smlouvy-o-najmu-nemovite-veci-kancelar-1-pdf-212x300.jpg\" class=\"attachment-medium size-medium\" alt=\"\" \/><\/a><\/p>\n"},"caption":{"rendered":""},"alt_text":"","media_type":"file","mime_type":"application\/pdf","media_details":{"sizes":{"full":{"file":"Navrh-Smlouvy-o-najmu-nemovite-veci-kancelar-1-pdf.jpg","width":1058,"height":1497,"mime_type":"application\/pdf","source_url":"https:\/\/www.ds.cz\/wp-content\/uploads\/2023\/08\/Navrh-Smlouvy-o-najmu-nemovite-veci-kancelar-1-pdf.jpg"},"medium":{"file":"Navrh-Smlouvy-o-najmu-nemovite-veci-kancelar-1-pdf-212x300.jpg","width":212,"height":300,"filesize":5410,"mime_type":"image\/jpeg","source_url":"https:\/\/www.ds.cz\/wp-content\/uploads\/2023\/08\/Navrh-Smlouvy-o-najmu-nemovite-veci-kancelar-1-pdf-212x300.jpg"},"large":{"file":"Navrh-Smlouvy-o-najmu-nemovite-veci-kancelar-1-pdf-724x1024.jpg","width":724,"height":1024,"filesize":14725,"mime_type":"image\/jpeg","source_url":"https:\/\/www.ds.cz\/wp-content\/uploads\/2023\/08\/Navrh-Smlouvy-o-najmu-nemovite-veci-kancelar-1-pdf-724x1024.jpg"},"thumbnail":{"file":"Navrh-Smlouvy-o-najmu-nemovite-veci-kancelar-1-pdf-106x150.jpg","width":106,"height":150,"filesize":4376,"mime_type":"image\/jpeg","source_url":"https:\/\/www.ds.cz\/wp-content\/uploads\/2023\/08\/Navrh-Smlouvy-o-najmu-nemovite-veci-kancelar-1-pdf-106x150.jpg"}},"filesize":2233484},"post":null,"source_url":"https:\/\/www.ds.cz\/wp-content\/uploads\/2023\/08\/Navrh-Smlouvy-o-najmu-nemovite-veci-kancelar-1.pdf","_links":{"self":[{"href":"https:\/\/www.ds.cz\/en\/wp-json\/wp\/v2\/media\/8350"}],"collection":[{"href":"https:\/\/www.ds.cz\/en\/wp-json\/wp\/v2\/media"}],"about":[{"href":"https:\/\/www.ds.cz\/en\/wp-json\/wp\/v2\/types\/attachment"}],"author":[{"embeddable":true,"href":"https:\/\/www.ds.cz\/en\/wp-json\/wp\/v2\/users\/2"}],"replies":[{"embeddable":true,"href":"https:\/\/www.ds.cz\/en\/wp-json\/wp\/v2\/comments?post=8350"}]}}

Návrh Smlouvy o nájmu nemovité věci &#8211; kancelář
