{"id":9068,"date":"2024-05-20T12:18:09","date_gmt":"2024-05-20T10:18:09","guid":{"rendered":"https:\/\/www.ds.cz\/wp-content\/uploads\/2024\/05\/Navrh-Smlouvy-o-najmu-nemovite-veci-c.-56-060.5-1.pdf"},"modified":"2024-05-20T12:18:09","modified_gmt":"2024-05-20T10:18:09","slug":"navrh-smlouvy-o-najmu-nemovite-veci-c-56-060-5-1","status":"inherit","type":"attachment","link":"https:\/\/www.ds.cz\/en\/vyberova-rizeni-pronajem\/navrh-smlouvy-o-najmu-nemovite-veci-c-56-060-5-1\/","title":{"rendered":"N\u00e1vrh Smlouvy o n\u00e1jmu nemovit\u00e9 v\u011bci \u010d. 56 060.5 (1)"},"author":5,"comment_status":"","ping_status":"closed","template":"","meta":{"_acf_changed":false},"acf":[],"aioseo_notices":[],"description":{"rendered":"<p class=\"attachment\"><a href='https:\/\/www.ds.cz\/wp-content\/uploads\/2024\/05\/Navrh-Smlouvy-o-najmu-nemovite-veci-c.-56-060.5-1.pdf'><img loading=\"lazy\" decoding=\"async\" width=\"212\" height=\"300\" src=\"https:\/\/www.ds.cz\/wp-content\/uploads\/2024\/05\/Navrh-Smlouvy-o-najmu-nemovite-veci-c.-56-060.5-1-pdf-212x300.jpg\" class=\"attachment-medium size-medium\" alt=\"\" \/><\/a><\/p>\n"},"caption":{"rendered":""},"alt_text":"","media_type":"file","mime_type":"application\/pdf","media_details":{"sizes":{"full":{"file":"Navrh-Smlouvy-o-najmu-nemovite-veci-c.-56-060.5-1-pdf.jpg","width":1058,"height":1497,"mime_type":"application\/pdf","source_url":"https:\/\/www.ds.cz\/wp-content\/uploads\/2024\/05\/Navrh-Smlouvy-o-najmu-nemovite-veci-c.-56-060.5-1-pdf.jpg"},"medium":{"file":"Navrh-Smlouvy-o-najmu-nemovite-veci-c.-56-060.5-1-pdf-212x300.jpg","width":212,"height":300,"filesize":11094,"mime_type":"image\/jpeg","source_url":"https:\/\/www.ds.cz\/wp-content\/uploads\/2024\/05\/Navrh-Smlouvy-o-najmu-nemovite-veci-c.-56-060.5-1-pdf-212x300.jpg"},"large":{"file":"Navrh-Smlouvy-o-najmu-nemovite-veci-c.-56-060.5-1-pdf-724x1024.jpg","width":724,"height":1024,"filesize":86899,"mime_type":"image\/jpeg","source_url":"https:\/\/www.ds.cz\/wp-content\/uploads\/2024\/05\/Navrh-Smlouvy-o-najmu-nemovite-veci-c.-56-060.5-1-pdf-724x1024.jpg"},"thumbnail":{"file":"Navrh-Smlouvy-o-najmu-nemovite-veci-c.-56-060.5-1-pdf-106x150.jpg","width":106,"height":150,"filesize":5346,"mime_type":"image\/jpeg","source_url":"https:\/\/www.ds.cz\/wp-content\/uploads\/2024\/05\/Navrh-Smlouvy-o-najmu-nemovite-veci-c.-56-060.5-1-pdf-106x150.jpg"}},"filesize":2234156},"post":3443,"source_url":"https:\/\/www.ds.cz\/wp-content\/uploads\/2024\/05\/Navrh-Smlouvy-o-najmu-nemovite-veci-c.-56-060.5-1.pdf","_links":{"self":[{"href":"https:\/\/www.ds.cz\/en\/wp-json\/wp\/v2\/media\/9068"}],"collection":[{"href":"https:\/\/www.ds.cz\/en\/wp-json\/wp\/v2\/media"}],"about":[{"href":"https:\/\/www.ds.cz\/en\/wp-json\/wp\/v2\/types\/attachment"}],"author":[{"embeddable":true,"href":"https:\/\/www.ds.cz\/en\/wp-json\/wp\/v2\/users\/5"}],"replies":[{"embeddable":true,"href":"https:\/\/www.ds.cz\/en\/wp-json\/wp\/v2\/comments?post=9068"}]}}

Návrh Smlouvy o nájmu nemovité věci č. 56 060.5 (1)
