{"id":9427,"date":"2024-08-15T08:52:25","date_gmt":"2024-08-15T06:52:25","guid":{"rendered":"https:\/\/www.ds.cz\/wp-content\/uploads\/2024\/08\/Nabidka-a-prohlaseni-ucastnika-vyberoveho-rizeni-fyzicke-osoby-1.pdf"},"modified":"2024-08-15T08:52:25","modified_gmt":"2024-08-15T06:52:25","slug":"nabidka-a-prohlaseni-ucastnika-vyberoveho-rizeni-fyzicke-osoby-1-5","status":"inherit","type":"attachment","link":"https:\/\/www.ds.cz\/en\/nabidka-a-prohlaseni-ucastnika-vyberoveho-rizeni-fyzicke-osoby-1-5\/","title":{"rendered":"Nab\u00eddka a prohl\u00e1\u0161en\u00ed \u00fa\u010dastn\u00edka v\u00fdb\u011brov\u00e9ho \u0159\u00edzen\u00ed &#8211; fyzick\u00e9 osoby (1)"},"author":5,"comment_status":"","ping_status":"closed","template":"","meta":{"_acf_changed":false},"acf":[],"aioseo_notices":[],"description":{"rendered":"<p class=\"attachment\"><a href='https:\/\/www.ds.cz\/wp-content\/uploads\/2024\/08\/Nabidka-a-prohlaseni-ucastnika-vyberoveho-rizeni-fyzicke-osoby-1.pdf'><img loading=\"lazy\" decoding=\"async\" width=\"212\" height=\"300\" src=\"https:\/\/www.ds.cz\/wp-content\/uploads\/2024\/08\/Nabidka-a-prohlaseni-ucastnika-vyberoveho-rizeni-fyzicke-osoby-1-pdf-212x300.jpg\" class=\"attachment-medium size-medium\" alt=\"\" \/><\/a><\/p>\n"},"caption":{"rendered":""},"alt_text":"","media_type":"file","mime_type":"application\/pdf","media_details":{"sizes":{"full":{"file":"Nabidka-a-prohlaseni-ucastnika-vyberoveho-rizeni-fyzicke-osoby-1-pdf.jpg","width":1058,"height":1497,"mime_type":"application\/pdf","source_url":"https:\/\/www.ds.cz\/wp-content\/uploads\/2024\/08\/Nabidka-a-prohlaseni-ucastnika-vyberoveho-rizeni-fyzicke-osoby-1-pdf.jpg"},"medium":{"file":"Nabidka-a-prohlaseni-ucastnika-vyberoveho-rizeni-fyzicke-osoby-1-pdf-212x300.jpg","width":212,"height":300,"filesize":13662,"mime_type":"image\/jpeg","source_url":"https:\/\/www.ds.cz\/wp-content\/uploads\/2024\/08\/Nabidka-a-prohlaseni-ucastnika-vyberoveho-rizeni-fyzicke-osoby-1-pdf-212x300.jpg"},"large":{"file":"Nabidka-a-prohlaseni-ucastnika-vyberoveho-rizeni-fyzicke-osoby-1-pdf-724x1024.jpg","width":724,"height":1024,"filesize":122784,"mime_type":"image\/jpeg","source_url":"https:\/\/www.ds.cz\/wp-content\/uploads\/2024\/08\/Nabidka-a-prohlaseni-ucastnika-vyberoveho-rizeni-fyzicke-osoby-1-pdf-724x1024.jpg"},"thumbnail":{"file":"Nabidka-a-prohlaseni-ucastnika-vyberoveho-rizeni-fyzicke-osoby-1-pdf-106x150.jpg","width":106,"height":150,"filesize":5689,"mime_type":"image\/jpeg","source_url":"https:\/\/www.ds.cz\/wp-content\/uploads\/2024\/08\/Nabidka-a-prohlaseni-ucastnika-vyberoveho-rizeni-fyzicke-osoby-1-pdf-106x150.jpg"}},"filesize":362469},"post":null,"source_url":"https:\/\/www.ds.cz\/wp-content\/uploads\/2024\/08\/Nabidka-a-prohlaseni-ucastnika-vyberoveho-rizeni-fyzicke-osoby-1.pdf","_links":{"self":[{"href":"https:\/\/www.ds.cz\/en\/wp-json\/wp\/v2\/media\/9427"}],"collection":[{"href":"https:\/\/www.ds.cz\/en\/wp-json\/wp\/v2\/media"}],"about":[{"href":"https:\/\/www.ds.cz\/en\/wp-json\/wp\/v2\/types\/attachment"}],"author":[{"embeddable":true,"href":"https:\/\/www.ds.cz\/en\/wp-json\/wp\/v2\/users\/5"}],"replies":[{"embeddable":true,"href":"https:\/\/www.ds.cz\/en\/wp-json\/wp\/v2\/comments?post=9427"}]}}

Nabídka a prohlášení účastníka výběrového řízení &#8211; fyzické osoby (1)
