{"id":1026,"date":"2019-05-02T17:46:10","date_gmt":"2019-05-02T15:46:10","guid":{"rendered":"https:\/\/www.ds.cz\/?page_id=1026"},"modified":"2020-12-07T12:25:02","modified_gmt":"2020-12-07T11:25:02","slug":"charlese-de-gaulla-913-23-praha-6","status":"publish","type":"page","link":"https:\/\/www.ds.cz\/en\/objekty-ds\/praha-6-bubenec\/charlese-de-gaulla-913-23-praha-6\/","title":{"rendered":"Charlese de Gaulla 913\/23"},"content":{"rendered":"<hr \/>\n<div style=\"padding: 0px 30px 30px 0px;\">\n<div style=\"text-align: justify;\">\n<div style=\"padding: 30px 30px 30px 30px;\">\n<div class=\"su-row\"><div class=\"su-column su-column-size-1-2\"><div class=\"su-column-inner su-u-clearfix su-u-trim\">\n<p><strong>Original owners<\/strong><\/p>\n<p style=\"line-height: 1.5em; text-align: justify; width: 93%;\">Mr. Emil Rosenberger, a wholesaler from Prague Karl\u00edn, and Josef Nerad, the director of the insurance company, bought a plot of land from&nbsp;a&nbsp;the&nbsp;Capital City of Prague in order to support the construction industry on March 22, 1929<sup>1<\/sup>. After a year, Mr. Rosenberger\u00b4s wife, Kl\u00e1ra<sup>2<\/sup> bought the ownership share from Mr. Josef Nerad.<\/p>\n<p style=\"line-height: 1.5em; text-align: justify; width: 93%;\">The Rosenbergers began construction of a villa on a plot of land on&nbsp;Na&nbsp;Piav\u011b Street, which is now named after Charles de Gaulle, in 1930. The construction plans was signed and the construction was carried out by&nbsp;the Company of engineers brothers Kalich\u00b4s, based&nbsp;in&nbsp;Kr\u00e1lovsk\u00e9&nbsp;Vinohrady.<\/p>\n<p style=\"line-height: 1.5em; text-align: justify; width: 93%;\">The administrative requirements for the construction of the villa were&nbsp;not&nbsp;without complications. The application for a building permit was&nbsp;first rejected in February 1930, due to exceeding of maximum built&nbsp;up&nbsp;area of 16,65 m<sup>2<\/sup> set by the State Regulatory Commission. The&nbsp;construction was allowed after the modification of the project, in&nbsp;October 1930. In November of the same year, construction work&nbsp;began and from October 21, 1931, the villa was allowed to \u201einhabit and use\u201c.<\/p>\n<\/div><\/div>\n<div class=\"su-column su-column-size-1-2\"><div class=\"su-column-inner su-u-clearfix su-u-trim\">\n<strong>Villa architecture<\/strong><\/p>\n<p style=\"line-height: 1.5em; text-align: justify; width: 93%;\">The villa was built in the 1930s, and yet its expression is close to historicist styles and eclecticism. The main facade to the street is based on axial symmetry, which is emphasized by a slightly arched risalit in the middle of&nbsp;the composition and graded by a volumnious triangular dormer. The&nbsp;basic architectural elements of the facades are balustrades, bosages, arches and high order.<\/p>\n<p style=\"line-height: 1.5em; text-align: justify; width: 93%;\">The building was designed as a four storey building with a basement, two&nbsp;floors and&nbsp;a&nbsp;residental attic. In the basement there was a garage, laundry room , kitchen, cellars, boiler room and caretaker\u00b4s apartment. On&nbsp;the ground floor there was an entrance hall, a living hall and a bedroom with accessories (dressing room and bath). In addition to the attic space, the attic also provided the space for two living rooms, a bathroom and&nbsp;a&nbsp;storage room. Altready in 1932 minor building modifications were&nbsp;made \u2013 additions to the winter garden on the southwest side of&nbsp;the&nbsp;house, an extension of the entrance loggia with balcony on&nbsp;the&nbsp;southeast side and minor building changes in the interior.<\/p>\n<p style=\"line-height: 1.5em; text-align: justify; width: 93%;\">These modifications were also made under the supervision of the Kalich\u00b4s brothers<sup>3<\/sup>.<\/p>\n<\/div><\/div><\/div>\n<hr \/>\n<div style=\"margin-left: 30px; margin-right: 30px;\">\n<div id='gallery-2' class='gallery galleryid-1026 gallery-columns-7 gallery-size-thumbnail'><dl class='gallery-item'>\n\t\t\t<dt class='gallery-icon portrait'>\n\t\t\t\t<a href='https:\/\/www.ds.cz\/wp-content\/uploads\/2019\/11\/Charlese-de-Gaulla-913_23-Vstup-do-vily.jpg'><img loading=\"lazy\" decoding=\"async\" width=\"150\" height=\"150\" src=\"https:\/\/www.ds.cz\/wp-content\/uploads\/2019\/11\/Charlese-de-Gaulla-913_23-Vstup-do-vily-150x150.jpg\" class=\"attachment-thumbnail size-thumbnail\" alt=\"Vstup do vily\" srcset=\"https:\/\/www.ds.cz\/wp-content\/uploads\/2019\/11\/Charlese-de-Gaulla-913_23-Vstup-do-vily-150x150.jpg 150w, https:\/\/www.ds.cz\/wp-content\/uploads\/2019\/11\/Charlese-de-Gaulla-913_23-Vstup-do-vily-300x300.jpg 300w, https:\/\/www.ds.cz\/wp-content\/uploads\/2019\/11\/Charlese-de-Gaulla-913_23-Vstup-do-vily-220x220.jpg 220w\" sizes=\"(max-width: 150px) 100vw, 150px\" \/><\/a>\n\t\t\t<\/dt><\/dl><dl class='gallery-item'>\n\t\t\t<dt class='gallery-icon landscape'>\n\t\t\t\t<a href='https:\/\/www.ds.cz\/wp-content\/uploads\/2019\/11\/Charlese-de-Gaulla-913_23-Pohled-ze-zahrady.jpg'><img loading=\"lazy\" decoding=\"async\" width=\"150\" height=\"150\" src=\"https:\/\/www.ds.cz\/wp-content\/uploads\/2019\/11\/Charlese-de-Gaulla-913_23-Pohled-ze-zahrady-150x150.jpg\" class=\"attachment-thumbnail size-thumbnail\" alt=\"Pohled ze zahrady\" srcset=\"https:\/\/www.ds.cz\/wp-content\/uploads\/2019\/11\/Charlese-de-Gaulla-913_23-Pohled-ze-zahrady-150x150.jpg 150w, https:\/\/www.ds.cz\/wp-content\/uploads\/2019\/11\/Charlese-de-Gaulla-913_23-Pohled-ze-zahrady-300x300.jpg 300w, https:\/\/www.ds.cz\/wp-content\/uploads\/2019\/11\/Charlese-de-Gaulla-913_23-Pohled-ze-zahrady-220x220.jpg 220w\" sizes=\"(max-width: 150px) 100vw, 150px\" \/><\/a>\n\t\t\t<\/dt><\/dl><dl class='gallery-item'>\n\t\t\t<dt class='gallery-icon landscape'>\n\t\t\t\t<a href='https:\/\/www.ds.cz\/wp-content\/uploads\/2019\/11\/Charlese-de-Gaulla-913_23-Pohled-z-ulice.jpg'><img loading=\"lazy\" decoding=\"async\" width=\"150\" height=\"150\" src=\"https:\/\/www.ds.cz\/wp-content\/uploads\/2019\/11\/Charlese-de-Gaulla-913_23-Pohled-z-ulice-150x150.jpg\" class=\"attachment-thumbnail size-thumbnail\" alt=\"Pohled z ulice\" srcset=\"https:\/\/www.ds.cz\/wp-content\/uploads\/2019\/11\/Charlese-de-Gaulla-913_23-Pohled-z-ulice-150x150.jpg 150w, https:\/\/www.ds.cz\/wp-content\/uploads\/2019\/11\/Charlese-de-Gaulla-913_23-Pohled-z-ulice-300x300.jpg 300w, https:\/\/www.ds.cz\/wp-content\/uploads\/2019\/11\/Charlese-de-Gaulla-913_23-Pohled-z-ulice-220x220.jpg 220w\" sizes=\"(max-width: 150px) 100vw, 150px\" \/><\/a>\n\t\t\t<\/dt><\/dl><dl class='gallery-item'>\n\t\t\t<dt class='gallery-icon landscape'>\n\t\t\t\t<a href='https:\/\/www.ds.cz\/wp-content\/uploads\/2019\/11\/Charlese-de-Gaulla-913_23-Vstupn\u00ed-hala.jpg'><img loading=\"lazy\" decoding=\"async\" width=\"150\" height=\"150\" src=\"https:\/\/www.ds.cz\/wp-content\/uploads\/2019\/11\/Charlese-de-Gaulla-913_23-Vstupn\u00ed-hala-150x150.jpg\" class=\"attachment-thumbnail size-thumbnail\" alt=\"Vstupn\u00ed hala\" srcset=\"https:\/\/www.ds.cz\/wp-content\/uploads\/2019\/11\/Charlese-de-Gaulla-913_23-Vstupn\u00ed-hala-150x150.jpg 150w, https:\/\/www.ds.cz\/wp-content\/uploads\/2019\/11\/Charlese-de-Gaulla-913_23-Vstupn\u00ed-hala-300x300.jpg 300w, https:\/\/www.ds.cz\/wp-content\/uploads\/2019\/11\/Charlese-de-Gaulla-913_23-Vstupn\u00ed-hala-220x220.jpg 220w\" sizes=\"(max-width: 150px) 100vw, 150px\" \/><\/a>\n\t\t\t<\/dt><\/dl><dl class='gallery-item'>\n\t\t\t<dt class='gallery-icon landscape'>\n\t\t\t\t<a href='https:\/\/www.ds.cz\/wp-content\/uploads\/2019\/11\/Charlese-de-Gaulla-913_23-Ob\u00fdvac\u00ed-pokoj.jpg'><img loading=\"lazy\" decoding=\"async\" width=\"150\" height=\"150\" src=\"https:\/\/www.ds.cz\/wp-content\/uploads\/2019\/11\/Charlese-de-Gaulla-913_23-Ob\u00fdvac\u00ed-pokoj-150x150.jpg\" class=\"attachment-thumbnail size-thumbnail\" alt=\"Ob\u00fdvac\u00ed pokoj\" srcset=\"https:\/\/www.ds.cz\/wp-content\/uploads\/2019\/11\/Charlese-de-Gaulla-913_23-Ob\u00fdvac\u00ed-pokoj-150x150.jpg 150w, https:\/\/www.ds.cz\/wp-content\/uploads\/2019\/11\/Charlese-de-Gaulla-913_23-Ob\u00fdvac\u00ed-pokoj-300x300.jpg 300w, https:\/\/www.ds.cz\/wp-content\/uploads\/2019\/11\/Charlese-de-Gaulla-913_23-Ob\u00fdvac\u00ed-pokoj-220x220.jpg 220w\" sizes=\"(max-width: 150px) 100vw, 150px\" \/><\/a>\n\t\t\t<\/dt><\/dl><dl class='gallery-item'>\n\t\t\t<dt class='gallery-icon landscape'>\n\t\t\t\t<a href='https:\/\/www.ds.cz\/wp-content\/uploads\/2019\/11\/Charlese-de-Gaulla-913_23-Ji\u017en\u00ed-terasa.jpg'><img loading=\"lazy\" decoding=\"async\" width=\"150\" height=\"150\" src=\"https:\/\/www.ds.cz\/wp-content\/uploads\/2019\/11\/Charlese-de-Gaulla-913_23-Ji\u017en\u00ed-terasa-150x150.jpg\" class=\"attachment-thumbnail size-thumbnail\" alt=\"Ji\u017en\u00ed terasa\" srcset=\"https:\/\/www.ds.cz\/wp-content\/uploads\/2019\/11\/Charlese-de-Gaulla-913_23-Ji\u017en\u00ed-terasa-150x150.jpg 150w, https:\/\/www.ds.cz\/wp-content\/uploads\/2019\/11\/Charlese-de-Gaulla-913_23-Ji\u017en\u00ed-terasa-300x300.jpg 300w, https:\/\/www.ds.cz\/wp-content\/uploads\/2019\/11\/Charlese-de-Gaulla-913_23-Ji\u017en\u00ed-terasa-220x220.jpg 220w\" sizes=\"(max-width: 150px) 100vw, 150px\" \/><\/a>\n\t\t\t<\/dt><\/dl><dl class='gallery-item'>\n\t\t\t<dt class='gallery-icon landscape'>\n\t\t\t\t<a href='https:\/\/www.ds.cz\/wp-content\/uploads\/2019\/11\/Charlese-de-Gaulla-913_23-Zimn\u00ed-zahrada.jpg'><img loading=\"lazy\" decoding=\"async\" width=\"150\" height=\"150\" src=\"https:\/\/www.ds.cz\/wp-content\/uploads\/2019\/11\/Charlese-de-Gaulla-913_23-Zimn\u00ed-zahrada-150x150.jpg\" class=\"attachment-thumbnail size-thumbnail\" alt=\"Zimn\u00ed zahrada\" srcset=\"https:\/\/www.ds.cz\/wp-content\/uploads\/2019\/11\/Charlese-de-Gaulla-913_23-Zimn\u00ed-zahrada-150x150.jpg 150w, https:\/\/www.ds.cz\/wp-content\/uploads\/2019\/11\/Charlese-de-Gaulla-913_23-Zimn\u00ed-zahrada-300x300.jpg 300w, https:\/\/www.ds.cz\/wp-content\/uploads\/2019\/11\/Charlese-de-Gaulla-913_23-Zimn\u00ed-zahrada-220x220.jpg 220w\" sizes=\"(max-width: 150px) 100vw, 150px\" \/><\/a>\n\t\t\t<\/dt><\/dl><br style=\"clear: both\" \/>\n\t\t<\/div>\n<\/div>\n<hr>\n<p>&nbsp;<\/p>\n<div style=\"background-color: #e9e9ea; width: 100%;\">\n<div style=\"padding: 30px 30px 30px 30px;\">\n<p><strong>History of the villa <\/strong><\/p>\n<p style=\"line-height: 1.5em; text-align: justify; width: 100%;\">The villa was confiscated from the Rosenbergers during World War II with effect from December 31, 1940, for the purpose of transfer to the German Empire.After the end of World War II, the villa was returned to the original owners, respectively their granddaughter Elizabeth Birnbaum, who sold the villa in&nbsp;1947 to Mr. Josef H\u00e1tle, on whom was first imposed by the Central National Commitee of the Capital City of Prague a national administration and later was&nbsp;house handed over to the Services Management of the Diplomatic Corps in Prague, whose successor organization is Diplomatic Service, on the basis of&nbsp;a&nbsp;judgment of 1957 People\u00b4s Civil Court in Prague. The lessee of the villa was the Embassy of Hungary, the Embassy of the Republic of Slovenia and&nbsp;since&nbsp;2016 the villa has been used by the Embassy of Romania.\n<\/p>\n<\/div>\n<\/div>\n<\/div>\n<\/div>\n<p>&nbsp;<\/p>\n<hr \/>\n<p style=\"line-height: 1em; text-align: justify; width: 95%;\"><sup><sup>1<\/sup> V\u00fdpis z pozemkov\u00e9 knihy K\u00da Bubene\u010d, vl. \u010c 1135, vlo\u017eka \u010d. 4311, Smlouva trhov\u00e1 z 27. z\u00e1\u0159\u00ed a 4. prosince 1929<br \/>\n<sup>2<\/sup> V\u00fdpis z pozemkov\u00e9 knihy K\u00da Bubene\u010d, vl. \u010c. 1135, vlo\u017eka \u010d. 35720, Smlouva trhov\u00e1 z 21. listopadu 1930<br \/>\n<sup>3<\/sup> Ber\u00e1nek Bohumil, Nikolay Brankov, Kl\u00e1ra Br\u016fhov\u00e1, Kry\u0161tof Havlice, Alena K\u0159\u00ed\u017ekov\u00e1, Milan Podobsk\u00fd, Lenka Popelov\u00e1, Radom\u00edra Sedl\u00e1kov\u00e1, Pavel \u0160kranc, Petr Ulrich. Slavn\u00e9 vily Praha 6 &#8211; Bubene\u010d.: Foibos Books, 2017<\/sup><\/p>\n<hr \/>","protected":false},"excerpt":{"rendered":"<p>&nbsp; History of the villa The villa was confiscated from the Rosenbergers during World War II with effect from December 31, 1940, for the<a class=\"moretag\" href=\"https:\/\/www.ds.cz\/en\/objekty-ds\/praha-6-bubenec\/charlese-de-gaulla-913-23-praha-6\/\">Cel\u00fd \u010dl\u00e1nek<\/a><\/p>\n","protected":false},"author":2,"featured_media":0,"parent":1524,"menu_order":0,"comment_status":"closed","ping_status":"closed","template":"","meta":{"_acf_changed":false,"footnotes":""},"acf":[],"aioseo_notices":[],"_links":{"self":[{"href":"https:\/\/www.ds.cz\/en\/wp-json\/wp\/v2\/pages\/1026"}],"collection":[{"href":"https:\/\/www.ds.cz\/en\/wp-json\/wp\/v2\/pages"}],"about":[{"href":"https:\/\/www.ds.cz\/en\/wp-json\/wp\/v2\/types\/page"}],"author":[{"embeddable":true,"href":"https:\/\/www.ds.cz\/en\/wp-json\/wp\/v2\/users\/2"}],"replies":[{"embeddable":true,"href":"https:\/\/www.ds.cz\/en\/wp-json\/wp\/v2\/comments?post=1026"}],"version-history":[{"count":25,"href":"https:\/\/www.ds.cz\/en\/wp-json\/wp\/v2\/pages\/1026\/revisions"}],"predecessor-version":[{"id":5734,"href":"https:\/\/www.ds.cz\/en\/wp-json\/wp\/v2\/pages\/1026\/revisions\/5734"}],"up":[{"embeddable":true,"href":"https:\/\/www.ds.cz\/en\/wp-json\/wp\/v2\/pages\/1524"}],"wp:attachment":[{"href":"https:\/\/www.ds.cz\/en\/wp-json\/wp\/v2\/media?parent=1026"}],"curies":[{"name":"wp","href":"https:\/\/api.w.org\/{rel}","templated":true}]}}

<hr />
<div style="padding: 0px 30px 30px 0px;">
<div style="text-align: justify;">
<div style="padding: 30px 30px 30px 30px;">
<div class="su-row"><div class="su-column su-column-size-1-2"><div class="su-column-inner su-u-clearfix su-u-trim">
<p><strong>Original owners</strong></p>
<p style="line-height: 1.5em; text-align: justify; width: 93%;">Mr. Emil Rosenberger, a wholesaler from Prague Karlín, and Josef Nerad, the director of the insurance company, bought a plot of land from&nbsp;a&nbsp;the&nbsp;Capital City of Prague in order to support the construction industry on March 22, 1929<sup>1</sup>. After a year, Mr. Rosenberger´s wife, Klára<sup>2</sup> bought the ownership share from Mr. Josef Nerad.</p>
<p style="line-height: 1.5em; text-align: justify; width: 93%;">The Rosenbergers began construction of a villa on a plot of land on&nbsp;Na&nbsp;Piavě Street, which is now named after Charles de Gaulle, in 1930. The construction plans was signed and the construction was carried out by&nbsp;the Company of engineers brothers Kalich´s, based&nbsp;in&nbsp;Královské&nbsp;Vinohrady.</p>
<p style="line-height: 1.5em; text-align: justify; width: 93%;">The administrative requirements for the construction of the villa were&nbsp;not&nbsp;without complications. The application for a building permit was&nbsp;first rejected in February 1930, due to exceeding of maximum built&nbsp;up&nbsp;area of 16,65 m<sup>2</sup> set by the State Regulatory Commission. The&nbsp;construction was allowed after the modification of the project, in&nbsp;October 1930. In November of the same year, construction work&nbsp;began and from October 21, 1931, the villa was allowed to „inhabit and use“.</p>
</div></div>
<div class="su-column su-column-size-1-2"><div class="su-column-inner su-u-clearfix su-u-trim">
<strong>Villa architecture</strong></p>
<p style="line-height: 1.5em; text-align: justify; width: 93%;">The villa was built in the 1930s, and yet its expression is close to historicist styles and eclecticism. The main facade to the street is based on axial symmetry, which is emphasized by a slightly arched risalit in the middle of&nbsp;the composition and graded by a volumnious triangular dormer. The&nbsp;basic architectural elements of the facades are balustrades, bosages, arches and high order.</p>
<p style="line-height: 1.5em; text-align: justify; width: 93%;">The building was designed as a four storey building with a basement, two&nbsp;floors and&nbsp;a&nbsp;residental attic. In the basement there was a garage, laundry room , kitchen, cellars, boiler room and caretaker´s apartment. On&nbsp;the ground floor there was an entrance hall, a living hall and a bedroom with accessories (dressing room and bath). In addition to the attic space, the attic also provided the space for two living rooms, a bathroom and&nbsp;a&nbsp;storage room. Altready in 1932 minor building modifications were&nbsp;made – additions to the winter garden on the southwest side of&nbsp;the&nbsp;house, an extension of the entrance loggia with balcony on&nbsp;the&nbsp;southeast side and minor building changes in the interior.</p>
<p style="line-height: 1.5em; text-align: justify; width: 93%;">These modifications were also made under the supervision of the Kalich´s brothers<sup>3</sup>.</p>
</div></div></div>
<hr />
<div style="margin-left: 30px; margin-right: 30px;">
<div id='gallery-2' class='gallery galleryid-1026 gallery-columns-7 gallery-size-thumbnail'><dl class='gallery-item'>
			<dt class='gallery-icon portrait'>
				<a href='https://www.ds.cz/wp-content/uploads/2019/11/Charlese-de-Gaulla-913_23-Vstup-do-vily.jpg'><img loading="lazy" decoding="async" width="150" height="150" src="https://www.ds.cz/wp-content/uploads/2019/11/Charlese-de-Gaulla-913_23-Vstup-do-vily-150x150.jpg" class="attachment-thumbnail size-thumbnail" alt="Vstup do vily" srcset="https://www.ds.cz/wp-content/uploads/2019/11/Charlese-de-Gaulla-913_23-Vstup-do-vily-150x150.jpg 150w, https://www.ds.cz/wp-content/uploads/2019/11/Charlese-de-Gaulla-913_23-Vstup-do-vily-300x300.jpg 300w, https://www.ds.cz/wp-content/uploads/2019/11/Charlese-de-Gaulla-913_23-Vstup-do-vily-220x220.jpg 220w" sizes="(max-width: 150px) 100vw, 150px" /></a>
			</dt></dl><dl class='gallery-item'>
			<dt class='gallery-icon landscape'>
				<a href='https://www.ds.cz/wp-content/uploads/2019/11/Charlese-de-Gaulla-913_23-Pohled-ze-zahrady.jpg'><img loading="lazy" decoding="async" width="150" height="150" src="https://www.ds.cz/wp-content/uploads/2019/11/Charlese-de-Gaulla-913_23-Pohled-ze-zahrady-150x150.jpg" class="attachment-thumbnail size-thumbnail" alt="Pohled ze zahrady" srcset="https://www.ds.cz/wp-content/uploads/2019/11/Charlese-de-Gaulla-913_23-Pohled-ze-zahrady-150x150.jpg 150w, https://www.ds.cz/wp-content/uploads/2019/11/Charlese-de-Gaulla-913_23-Pohled-ze-zahrady-300x300.jpg 300w, https://www.ds.cz/wp-content/uploads/2019/11/Charlese-de-Gaulla-913_23-Pohled-ze-zahrady-220x220.jpg 220w" sizes="(max-width: 150px) 100vw, 150px" /></a>
			</dt></dl><dl class='gallery-item'>
			<dt class='gallery-icon landscape'>
				<a href='https://www.ds.cz/wp-content/uploads/2019/11/Charlese-de-Gaulla-913_23-Pohled-z-ulice.jpg'><img loading="lazy" decoding="async" width="150" height="150" src="https://www.ds.cz/wp-content/uploads/2019/11/Charlese-de-Gaulla-913_23-Pohled-z-ulice-150x150.jpg" class="attachment-thumbnail size-thumbnail" alt="Pohled z ulice" srcset="https://www.ds.cz/wp-content/uploads/2019/11/Charlese-de-Gaulla-913_23-Pohled-z-ulice-150x150.jpg 150w, https://www.ds.cz/wp-content/uploads/2019/11/Charlese-de-Gaulla-913_23-Pohled-z-ulice-300x300.jpg 300w, https://www.ds.cz/wp-content/uploads/2019/11/Charlese-de-Gaulla-913_23-Pohled-z-ulice-220x220.jpg 220w" sizes="(max-width: 150px) 100vw, 150px" /></a>
			</dt></dl><dl class='gallery-item'>
			<dt class='gallery-icon landscape'>
				<a href='https://www.ds.cz/wp-content/uploads/2019/11/Charlese-de-Gaulla-913_23-Vstupní-hala.jpg'><img loading="lazy" decoding="async" width="150" height="150" src="https://www.ds.cz/wp-content/uploads/2019/11/Charlese-de-Gaulla-913_23-Vstupní-hala-150x150.jpg" class="attachment-thumbnail size-thumbnail" alt="Vstupní hala" srcset="https://www.ds.cz/wp-content/uploads/2019/11/Charlese-de-Gaulla-913_23-Vstupní-hala-150x150.jpg 150w, https://www.ds.cz/wp-content/uploads/2019/11/Charlese-de-Gaulla-913_23-Vstupní-hala-300x300.jpg 300w, https://www.ds.cz/wp-content/uploads/2019/11/Charlese-de-Gaulla-913_23-Vstupní-hala-220x220.jpg 220w" sizes="(max-width: 150px) 100vw, 150px" /></a>
			</dt></dl><dl class='gallery-item'>
			<dt class='gallery-icon landscape'>
				<a href='https://www.ds.cz/wp-content/uploads/2019/11/Charlese-de-Gaulla-913_23-Obývací-pokoj.jpg'><img loading="lazy" decoding="async" width="150" height="150" src="https://www.ds.cz/wp-content/uploads/2019/11/Charlese-de-Gaulla-913_23-Obývací-pokoj-150x150.jpg" class="attachment-thumbnail size-thumbnail" alt="Obývací pokoj" srcset="https://www.ds.cz/wp-content/uploads/2019/11/Charlese-de-Gaulla-913_23-Obývací-pokoj-150x150.jpg 150w, https://www.ds.cz/wp-content/uploads/2019/11/Charlese-de-Gaulla-913_23-Obývací-pokoj-300x300.jpg 300w, https://www.ds.cz/wp-content/uploads/2019/11/Charlese-de-Gaulla-913_23-Obývací-pokoj-220x220.jpg 220w" sizes="(max-width: 150px) 100vw, 150px" /></a>
			</dt></dl><dl class='gallery-item'>
			<dt class='gallery-icon landscape'>
				<a href='https://www.ds.cz/wp-content/uploads/2019/11/Charlese-de-Gaulla-913_23-Jižní-terasa.jpg'><img loading="lazy" decoding="async" width="150" height="150" src="https://www.ds.cz/wp-content/uploads/2019/11/Charlese-de-Gaulla-913_23-Jižní-terasa-150x150.jpg" class="attachment-thumbnail size-thumbnail" alt="Jižní terasa" srcset="https://www.ds.cz/wp-content/uploads/2019/11/Charlese-de-Gaulla-913_23-Jižní-terasa-150x150.jpg 150w, https://www.ds.cz/wp-content/uploads/2019/11/Charlese-de-Gaulla-913_23-Jižní-terasa-300x300.jpg 300w, https://www.ds.cz/wp-content/uploads/2019/11/Charlese-de-Gaulla-913_23-Jižní-terasa-220x220.jpg 220w" sizes="(max-width: 150px) 100vw, 150px" /></a>
			</dt></dl><dl class='gallery-item'>
			<dt class='gallery-icon landscape'>
				<a href='https://www.ds.cz/wp-content/uploads/2019/11/Charlese-de-Gaulla-913_23-Zimní-zahrada.jpg'><img loading="lazy" decoding="async" width="150" height="150" src="https://www.ds.cz/wp-content/uploads/2019/11/Charlese-de-Gaulla-913_23-Zimní-zahrada-150x150.jpg" class="attachment-thumbnail size-thumbnail" alt="Zimní zahrada" srcset="https://www.ds.cz/wp-content/uploads/2019/11/Charlese-de-Gaulla-913_23-Zimní-zahrada-150x150.jpg 150w, https://www.ds.cz/wp-content/uploads/2019/11/Charlese-de-Gaulla-913_23-Zimní-zahrada-300x300.jpg 300w, https://www.ds.cz/wp-content/uploads/2019/11/Charlese-de-Gaulla-913_23-Zimní-zahrada-220x220.jpg 220w" sizes="(max-width: 150px) 100vw, 150px" /></a>
			</dt></dl><br style="clear: both" />
		</div>
</div>
<hr>
<p>&nbsp;</p>
<div style="background-color: #e9e9ea; width: 100%;">
<div style="padding: 30px 30px 30px 30px;">
<p><strong>History of the villa </strong></p>
<p style="line-height: 1.5em; text-align: justify; width: 100%;">The villa was confiscated from the Rosenbergers during World War II with effect from December 31, 1940, for the purpose of transfer to the German Empire.After the end of World War II, the villa was returned to the original owners, respectively their granddaughter Elizabeth Birnbaum, who sold the villa in&nbsp;1947 to Mr. Josef Hátle, on whom was first imposed by the Central National Commitee of the Capital City of Prague a national administration and later was&nbsp;house handed over to the Services Management of the Diplomatic Corps in Prague, whose successor organization is Diplomatic Service, on the basis of&nbsp;a&nbsp;judgment of 1957 People´s Civil Court in Prague. The lessee of the villa was the Embassy of Hungary, the Embassy of the Republic of Slovenia and&nbsp;since&nbsp;2016 the villa has been used by the Embassy of Romania.
</p>
</div>
</div>
</div>
</div>
<p>&nbsp;</p>
<hr />
<p style="line-height: 1em; text-align: justify; width: 95%;"><sup><sup>1</sup> Výpis z pozemkové knihy KÚ Bubeneč, vl. Č 1135, vložka č. 4311, Smlouva trhová z 27. září a 4. prosince 1929<br />
<sup>2</sup> Výpis z pozemkové knihy KÚ Bubeneč, vl. Č. 1135, vložka č. 35720, Smlouva trhová z 21. listopadu 1930<br />
<sup>3</sup> Beránek Bohumil, Nikolay Brankov, Klára Brůhová, Kryštof Havlice, Alena Křížková, Milan Podobský, Lenka Popelová, Radomíra Sedláková, Pavel Škranc, Petr Ulrich. Slavné vily Praha 6 &#8211; Bubeneč.: Foibos Books, 2017</sup></p>
<hr />

<p>&nbsp; History of the villa The villa was confiscated from the Rosenbergers during World War II with effect from December 31, 1940, for the<a class="moretag" href="https://www.ds.cz/en/objekty-ds/praha-6-bubenec/charlese-de-gaulla-913-23-praha-6/">Celý článek</a></p>
