{"id":1125,"date":"2019-05-03T14:23:39","date_gmt":"2019-05-03T12:23:39","guid":{"rendered":"https:\/\/www.ds.cz\/?page_id=1125"},"modified":"2020-11-30T13:24:30","modified_gmt":"2020-11-30T12:24:30","slug":"pod-hradbami-666-1","status":"publish","type":"page","link":"https:\/\/www.ds.cz\/en\/objekty-ds\/praha-6-stresovice\/pod-hradbami-666-1\/","title":{"rendered":"Pod Hradbami 666\/1"},"content":{"rendered":"<hr \/>\n<div style=\"padding: 0px 30px 30px 0px;\">\n<div style=\"text-align: justify;\">\n<div style=\"padding: 30px 30px 30px 30px;\">\n<div class=\"su-row\"><div class=\"su-column su-column-size-1-2\"><div class=\"su-column-inner su-u-clearfix su-u-trim\">\n<p><strong>Original owners<\/strong><\/p>\n<p style=\"line-height: 1.5em; text-align: justify; width: 93%;\">Bankers Mr. Karel Prokop and Mr. Ferdinand Bouda bought the building plot, even with the rough construction started up to the basement level, from the builder Mr. Josef Karhan on August 17, 1928<sup>1<\/sup>. According to&nbsp;the&nbsp;contract, the right of repurchase for the Capital of the City of Prague was tied to the land in the event, that the construction of a family house on&nbsp;the land was not completed within two years of the signing the&nbsp;contract<sup>2<\/sup>.<\/p>\n<p style=\"line-height: 1.5em; text-align: justify; width: 93%;\">Both bankers ordered the completion of the family house to the original owner of the plot, Mr.Karhan, and, on May 27, 1929, they obtained the&nbsp;permit<sup>3<\/sup> \u201eto live and use the house\u201c in St\u0159e\u0161ovice with descriptive number 666, in the street near the Bu\u0161t\u011bhradsk\u00e1 railway crossing, later&nbsp;named Pod Hradbami.<\/p>\n<p style=\"line-height: 1.5em; text-align: justify; width: 93%;\">After ten years, the house was sold to the bank director Mr. Karel Nowotn\u00fd, with the then adress Na P\u0159\u00edkop\u011b 37 for 2, 5 times the original purchase price. The price was paid in cash<sup>4<\/sup>.<\/p>\n<\/div><\/div>\n<div class=\"su-column su-column-size-1-2\"><div class=\"su-column-inner su-u-clearfix su-u-trim\">\n<strong>Villa architecture<\/strong><\/p>\n<p style=\"line-height: 1.5em; text-align: justify; width: 93%;\">The construction of the villa was completed by the original owner and&nbsp;builder Mr. Josef Karhan according to the architectural design, developed by Ing. Vil\u00e9m&nbsp;Beer<sup>5<\/sup>. Vil\u00e9m Beer was born on April 12, 1900&nbsp;in&nbsp;Pilsen and after studies he moved permanently to Prague, where&nbsp;he&nbsp;opened a studio in Nek\u00e1zanka 8. At the end of the 1920, Vil\u00e9m&nbsp;Beer moved to a better adress, when he set opened an office in&nbsp;the&nbsp;F\u00e9nix Palace on Wenceslas Square. In Prague architect Beer designed two family houses in the residential area of O\u0159echovka in&nbsp;St\u0159e\u0161ovice, and one of them is villa in Pod Hradbami Street no. 666.<\/p>\n<p style=\"line-height: 1.5em; text-align: justify; width: 93%;\">Beer had not only Jewish origin, but, unfortunately, also tragic fate, in&nbsp;common with his clients. Most of builders were affected by Nazi anti-Jewish laws; first they were deprived of their dignity and later of life in&nbsp;concentration and extermination camps. Vil\u00e9m Beer himself was&nbsp;transported to Terez\u00edn on March 9, 1943, and then to Auschwitz on&nbsp;October 28, 1944, where he joined more, than a million local Holocaust victims<sup>6<\/sup>.<\/p>\n<\/div><\/div><\/div>\n<hr \/>\n<div style=\"margin-left: 30px; margin-right: 30px;\">\n<div id='gallery-2' class='gallery galleryid-1125 gallery-columns-7 gallery-size-thumbnail'><dl class='gallery-item'>\n\t\t\t<dt class='gallery-icon landscape'>\n\t\t\t\t<a href='https:\/\/www.ds.cz\/wp-content\/uploads\/2019\/10\/Pod-Hradbami-666_1-Ji\u017en\u00ed-pr\u016f\u010del\u00ed.jpg'><img loading=\"lazy\" decoding=\"async\" width=\"150\" height=\"150\" src=\"https:\/\/www.ds.cz\/wp-content\/uploads\/2019\/10\/Pod-Hradbami-666_1-Ji\u017en\u00ed-pr\u016f\u010del\u00ed-150x150.jpg\" class=\"attachment-thumbnail size-thumbnail\" alt=\"\" srcset=\"https:\/\/www.ds.cz\/wp-content\/uploads\/2019\/10\/Pod-Hradbami-666_1-Ji\u017en\u00ed-pr\u016f\u010del\u00ed-150x150.jpg 150w, https:\/\/www.ds.cz\/wp-content\/uploads\/2019\/10\/Pod-Hradbami-666_1-Ji\u017en\u00ed-pr\u016f\u010del\u00ed-300x300.jpg 300w, https:\/\/www.ds.cz\/wp-content\/uploads\/2019\/10\/Pod-Hradbami-666_1-Ji\u017en\u00ed-pr\u016f\u010del\u00ed-220x220.jpg 220w\" sizes=\"(max-width: 150px) 100vw, 150px\" \/><\/a>\n\t\t\t<\/dt><\/dl><dl class='gallery-item'>\n\t\t\t<dt class='gallery-icon landscape'>\n\t\t\t\t<a href='https:\/\/www.ds.cz\/wp-content\/uploads\/2019\/10\/Pod-Hradbami-666_1-Severn\u00ed-pr\u016f\u010del\u00ed.jpg'><img loading=\"lazy\" decoding=\"async\" width=\"150\" height=\"150\" src=\"https:\/\/www.ds.cz\/wp-content\/uploads\/2019\/10\/Pod-Hradbami-666_1-Severn\u00ed-pr\u016f\u010del\u00ed-150x150.jpg\" class=\"attachment-thumbnail size-thumbnail\" alt=\"\" srcset=\"https:\/\/www.ds.cz\/wp-content\/uploads\/2019\/10\/Pod-Hradbami-666_1-Severn\u00ed-pr\u016f\u010del\u00ed-150x150.jpg 150w, https:\/\/www.ds.cz\/wp-content\/uploads\/2019\/10\/Pod-Hradbami-666_1-Severn\u00ed-pr\u016f\u010del\u00ed-300x300.jpg 300w, https:\/\/www.ds.cz\/wp-content\/uploads\/2019\/10\/Pod-Hradbami-666_1-Severn\u00ed-pr\u016f\u010del\u00ed-220x220.jpg 220w\" sizes=\"(max-width: 150px) 100vw, 150px\" \/><\/a>\n\t\t\t<\/dt><\/dl><dl class='gallery-item'>\n\t\t\t<dt class='gallery-icon landscape'>\n\t\t\t\t<a href='https:\/\/www.ds.cz\/wp-content\/uploads\/2019\/10\/Pod-Hradbami-666_1-p\u016fvodn\u00ed-pl\u00e1ny-p\u016fdorys-p\u0159\u00edzem\u00ed.jpg'><img loading=\"lazy\" decoding=\"async\" width=\"150\" height=\"150\" src=\"https:\/\/www.ds.cz\/wp-content\/uploads\/2019\/10\/Pod-Hradbami-666_1-p\u016fvodn\u00ed-pl\u00e1ny-p\u016fdorys-p\u0159\u00edzem\u00ed-150x150.jpg\" class=\"attachment-thumbnail size-thumbnail\" alt=\"\" srcset=\"https:\/\/www.ds.cz\/wp-content\/uploads\/2019\/10\/Pod-Hradbami-666_1-p\u016fvodn\u00ed-pl\u00e1ny-p\u016fdorys-p\u0159\u00edzem\u00ed-150x150.jpg 150w, https:\/\/www.ds.cz\/wp-content\/uploads\/2019\/10\/Pod-Hradbami-666_1-p\u016fvodn\u00ed-pl\u00e1ny-p\u016fdorys-p\u0159\u00edzem\u00ed-300x300.jpg 300w, https:\/\/www.ds.cz\/wp-content\/uploads\/2019\/10\/Pod-Hradbami-666_1-p\u016fvodn\u00ed-pl\u00e1ny-p\u016fdorys-p\u0159\u00edzem\u00ed-220x220.jpg 220w\" sizes=\"(max-width: 150px) 100vw, 150px\" \/><\/a>\n\t\t\t<\/dt><\/dl><dl class='gallery-item'>\n\t\t\t<dt class='gallery-icon landscape'>\n\t\t\t\t<a href='https:\/\/www.ds.cz\/wp-content\/uploads\/2019\/10\/Pod-Hradbami-666_1-p\u016fvodn\u00ed-pl\u00e1ny-p\u016fdorys-I_patro.jpg'><img loading=\"lazy\" decoding=\"async\" width=\"150\" height=\"150\" src=\"https:\/\/www.ds.cz\/wp-content\/uploads\/2019\/10\/Pod-Hradbami-666_1-p\u016fvodn\u00ed-pl\u00e1ny-p\u016fdorys-I_patro-150x150.jpg\" class=\"attachment-thumbnail size-thumbnail\" alt=\"\" srcset=\"https:\/\/www.ds.cz\/wp-content\/uploads\/2019\/10\/Pod-Hradbami-666_1-p\u016fvodn\u00ed-pl\u00e1ny-p\u016fdorys-I_patro-150x150.jpg 150w, https:\/\/www.ds.cz\/wp-content\/uploads\/2019\/10\/Pod-Hradbami-666_1-p\u016fvodn\u00ed-pl\u00e1ny-p\u016fdorys-I_patro-300x300.jpg 300w, https:\/\/www.ds.cz\/wp-content\/uploads\/2019\/10\/Pod-Hradbami-666_1-p\u016fvodn\u00ed-pl\u00e1ny-p\u016fdorys-I_patro-220x220.jpg 220w\" sizes=\"(max-width: 150px) 100vw, 150px\" \/><\/a>\n\t\t\t<\/dt><\/dl><dl class='gallery-item'>\n\t\t\t<dt class='gallery-icon landscape'>\n\t\t\t\t<a href='https:\/\/www.ds.cz\/wp-content\/uploads\/2019\/10\/Pod-Hradbami-1.jpg'><img loading=\"lazy\" decoding=\"async\" width=\"150\" height=\"150\" src=\"https:\/\/www.ds.cz\/wp-content\/uploads\/2019\/10\/Pod-Hradbami-1-150x150.jpg\" class=\"attachment-thumbnail size-thumbnail\" alt=\"Pod Hradbami 1\" srcset=\"https:\/\/www.ds.cz\/wp-content\/uploads\/2019\/10\/Pod-Hradbami-1-150x150.jpg 150w, https:\/\/www.ds.cz\/wp-content\/uploads\/2019\/10\/Pod-Hradbami-1-300x300.jpg 300w, https:\/\/www.ds.cz\/wp-content\/uploads\/2019\/10\/Pod-Hradbami-1-220x220.jpg 220w\" sizes=\"(max-width: 150px) 100vw, 150px\" \/><\/a>\n\t\t\t<\/dt><\/dl><dl class='gallery-item'>\n\t\t\t<dt class='gallery-icon portrait'>\n\t\t\t\t<a href='https:\/\/www.ds.cz\/wp-content\/uploads\/2019\/10\/Pod-Hradbami1.jpg'><img loading=\"lazy\" decoding=\"async\" width=\"150\" height=\"145\" src=\"https:\/\/www.ds.cz\/wp-content\/uploads\/2019\/10\/Pod-Hradbami1-e1570438892471-150x145.jpg\" class=\"attachment-thumbnail size-thumbnail\" alt=\"\" \/><\/a>\n\t\t\t<\/dt><\/dl><dl class='gallery-item'>\n\t\t\t<dt class='gallery-icon portrait'>\n\t\t\t\t<a href='https:\/\/www.ds.cz\/wp-content\/uploads\/2019\/10\/PodHradbami1.jpg'><img loading=\"lazy\" decoding=\"async\" width=\"150\" height=\"150\" src=\"https:\/\/www.ds.cz\/wp-content\/uploads\/2019\/10\/PodHradbami1-150x150.jpg\" class=\"attachment-thumbnail size-thumbnail\" alt=\"\" srcset=\"https:\/\/www.ds.cz\/wp-content\/uploads\/2019\/10\/PodHradbami1-150x150.jpg 150w, https:\/\/www.ds.cz\/wp-content\/uploads\/2019\/10\/PodHradbami1-300x300.jpg 300w, https:\/\/www.ds.cz\/wp-content\/uploads\/2019\/10\/PodHradbami1-220x220.jpg 220w\" sizes=\"(max-width: 150px) 100vw, 150px\" \/><\/a>\n\t\t\t<\/dt><\/dl><br style=\"clear: both\" \/>\n\t\t<\/div>\n\n<\/div>\n<hr>\n<p>&nbsp;<\/p>\n<div style=\"background-color: #e9e9ea; width: 100%;\">\n<div style=\"padding: 30px 30px 30px 30px;\">\n<p><strong>Use of the residence<\/strong><\/p>\n<p style=\"line-height: 1.5em; text-align: justify; width: 95%;\">The owner Karel Nowotny transfered the property to his minor children Otto Herbert and Karel Alexander Nowotny. The house was confiscated from&nbsp;Jewish children, who did not survive, after the end of World War II, on the basis of Decree of the President of the Republic 19\/5 1945 No. 5. Coll. The villa was first transfered to the Administration of the Diplomatic Corps services in Prague and in 1946 the ownerships right was registered for&nbsp;the&nbsp;Czechoslovak State \u2013 the Ministry of Justice. An official apartment was set up in the house for the Minister of Justice Dr. Alexej \u010cepi\u010dka<sup>7<\/sup>, who&nbsp;was politician of the Communist Party of the Czechoslovakia and son-in-law of Klement Gottwald.<br \/>\nLater, employees of the Ministry of Foreign Affaires of the Czech Republic and Slovak Republic were accommodated in the residence. The entire property is currently used by the Embassy of Malaysia.<\/p>\n<\/div>\n<\/div>\n<\/div>\n<\/div>\n<p>&nbsp;<\/p>\n<hr \/>\n<p style=\"line-height: 1em; text-align: justify; width: 93%;\"><sup><sup>1<\/sup> V\u00fdpis z pozemkov\u00e9 knihy K\u00da St\u0159e\u0161ovice, knihovn\u00ed vlo\u017eka \u010d\u00edslo 704, ze dne 7. 8. 2019<br \/>\n<sup>2<\/sup> Smlouva trhov\u00e1 \u010d. 21231\/28 ze dne 17. srpna 1928<br \/>\n<sup>3<\/sup> Magistr\u00e1t Hlavn\u00edho m\u011bsta Prahy \u010d. j. III-23641\/29 ze dne 31. \u010dervence 1929<br \/>\n<sup>4<\/sup> Smlouva trhov\u00e1 \u010d. 17676\/1939 ze dne 28. \u010dervna 1939<br \/>\n<sup>5<\/sup> \u00da\u0159ad m\u011bstsk\u00e9 \u010d\u00e1sti Praha 6, \u010cs. arm\u00e1dy 23, Praha 6, Kolauda\u010dn\u00ed pl\u00e1n na stavbu vily ve St\u0159e\u0161ovic\u00edch<br \/>\n<sup>6<\/sup> Plze\u0148sk\u00fd architektonick\u00fd manu\u00e1l dostupn\u00fd online http:\/\/pam.plzne.cz\/architekt\/4-vilem-beer<br \/>\n<sup>7<\/sup> \u00daNV hl. m Prahy \u2013 refer\u00e1t technick\u00fd Praha 1 Platn\u00e9\u0159sk\u00e1 19 \u010d. j. 9584\/49-XI-3c-ref.Todt. ze dne 22. prosince 1949<br \/>\n<\/sup><\/p>\n<hr \/>\n<\/div>","protected":false},"excerpt":{"rendered":"<p>&nbsp; Use of the residence The owner Karel Nowotny transfered the property to his minor children Otto Herbert and Karel Alexander Nowotny. The house<a class=\"moretag\" href=\"https:\/\/www.ds.cz\/en\/objekty-ds\/praha-6-stresovice\/pod-hradbami-666-1\/\">Cel\u00fd \u010dl\u00e1nek<\/a><\/p>\n","protected":false},"author":2,"featured_media":0,"parent":1530,"menu_order":0,"comment_status":"closed","ping_status":"closed","template":"","meta":{"_acf_changed":false,"footnotes":""},"acf":[],"aioseo_notices":[],"_links":{"self":[{"href":"https:\/\/www.ds.cz\/en\/wp-json\/wp\/v2\/pages\/1125"}],"collection":[{"href":"https:\/\/www.ds.cz\/en\/wp-json\/wp\/v2\/pages"}],"about":[{"href":"https:\/\/www.ds.cz\/en\/wp-json\/wp\/v2\/types\/page"}],"author":[{"embeddable":true,"href":"https:\/\/www.ds.cz\/en\/wp-json\/wp\/v2\/users\/2"}],"replies":[{"embeddable":true,"href":"https:\/\/www.ds.cz\/en\/wp-json\/wp\/v2\/comments?post=1125"}],"version-history":[{"count":27,"href":"https:\/\/www.ds.cz\/en\/wp-json\/wp\/v2\/pages\/1125\/revisions"}],"predecessor-version":[{"id":5663,"href":"https:\/\/www.ds.cz\/en\/wp-json\/wp\/v2\/pages\/1125\/revisions\/5663"}],"up":[{"embeddable":true,"href":"https:\/\/www.ds.cz\/en\/wp-json\/wp\/v2\/pages\/1530"}],"wp:attachment":[{"href":"https:\/\/www.ds.cz\/en\/wp-json\/wp\/v2\/media?parent=1125"}],"curies":[{"name":"wp","href":"https:\/\/api.w.org\/{rel}","templated":true}]}}

<hr />
<div style="padding: 0px 30px 30px 0px;">
<div style="text-align: justify;">
<div style="padding: 30px 30px 30px 30px;">
<div class="su-row"><div class="su-column su-column-size-1-2"><div class="su-column-inner su-u-clearfix su-u-trim">
<p><strong>Original owners</strong></p>
<p style="line-height: 1.5em; text-align: justify; width: 93%;">Bankers Mr. Karel Prokop and Mr. Ferdinand Bouda bought the building plot, even with the rough construction started up to the basement level, from the builder Mr. Josef Karhan on August 17, 1928<sup>1</sup>. According to&nbsp;the&nbsp;contract, the right of repurchase for the Capital of the City of Prague was tied to the land in the event, that the construction of a family house on&nbsp;the land was not completed within two years of the signing the&nbsp;contract<sup>2</sup>.</p>
<p style="line-height: 1.5em; text-align: justify; width: 93%;">Both bankers ordered the completion of the family house to the original owner of the plot, Mr.Karhan, and, on May 27, 1929, they obtained the&nbsp;permit<sup>3</sup> „to live and use the house“ in Střešovice with descriptive number 666, in the street near the Buštěhradská railway crossing, later&nbsp;named Pod Hradbami.</p>
<p style="line-height: 1.5em; text-align: justify; width: 93%;">After ten years, the house was sold to the bank director Mr. Karel Nowotný, with the then adress Na Příkopě 37 for 2, 5 times the original purchase price. The price was paid in cash<sup>4</sup>.</p>
</div></div>
<div class="su-column su-column-size-1-2"><div class="su-column-inner su-u-clearfix su-u-trim">
<strong>Villa architecture</strong></p>
<p style="line-height: 1.5em; text-align: justify; width: 93%;">The construction of the villa was completed by the original owner and&nbsp;builder Mr. Josef Karhan according to the architectural design, developed by Ing. Vilém&nbsp;Beer<sup>5</sup>. Vilém Beer was born on April 12, 1900&nbsp;in&nbsp;Pilsen and after studies he moved permanently to Prague, where&nbsp;he&nbsp;opened a studio in Nekázanka 8. At the end of the 1920, Vilém&nbsp;Beer moved to a better adress, when he set opened an office in&nbsp;the&nbsp;Fénix Palace on Wenceslas Square. In Prague architect Beer designed two family houses in the residential area of Ořechovka in&nbsp;Střešovice, and one of them is villa in Pod Hradbami Street no. 666.</p>
<p style="line-height: 1.5em; text-align: justify; width: 93%;">Beer had not only Jewish origin, but, unfortunately, also tragic fate, in&nbsp;common with his clients. Most of builders were affected by Nazi anti-Jewish laws; first they were deprived of their dignity and later of life in&nbsp;concentration and extermination camps. Vilém Beer himself was&nbsp;transported to Terezín on March 9, 1943, and then to Auschwitz on&nbsp;October 28, 1944, where he joined more, than a million local Holocaust victims<sup>6</sup>.</p>
</div></div></div>
<hr />
<div style="margin-left: 30px; margin-right: 30px;">
<div id='gallery-2' class='gallery galleryid-1125 gallery-columns-7 gallery-size-thumbnail'><dl class='gallery-item'>
			<dt class='gallery-icon landscape'>
				<a href='https://www.ds.cz/wp-content/uploads/2019/10/Pod-Hradbami-666_1-Jižní-průčelí.jpg'><img loading="lazy" decoding="async" width="150" height="150" src="https://www.ds.cz/wp-content/uploads/2019/10/Pod-Hradbami-666_1-Jižní-průčelí-150x150.jpg" class="attachment-thumbnail size-thumbnail" alt="" srcset="https://www.ds.cz/wp-content/uploads/2019/10/Pod-Hradbami-666_1-Jižní-průčelí-150x150.jpg 150w, https://www.ds.cz/wp-content/uploads/2019/10/Pod-Hradbami-666_1-Jižní-průčelí-300x300.jpg 300w, https://www.ds.cz/wp-content/uploads/2019/10/Pod-Hradbami-666_1-Jižní-průčelí-220x220.jpg 220w" sizes="(max-width: 150px) 100vw, 150px" /></a>
			</dt></dl><dl class='gallery-item'>
			<dt class='gallery-icon landscape'>
				<a href='https://www.ds.cz/wp-content/uploads/2019/10/Pod-Hradbami-666_1-Severní-průčelí.jpg'><img loading="lazy" decoding="async" width="150" height="150" src="https://www.ds.cz/wp-content/uploads/2019/10/Pod-Hradbami-666_1-Severní-průčelí-150x150.jpg" class="attachment-thumbnail size-thumbnail" alt="" srcset="https://www.ds.cz/wp-content/uploads/2019/10/Pod-Hradbami-666_1-Severní-průčelí-150x150.jpg 150w, https://www.ds.cz/wp-content/uploads/2019/10/Pod-Hradbami-666_1-Severní-průčelí-300x300.jpg 300w, https://www.ds.cz/wp-content/uploads/2019/10/Pod-Hradbami-666_1-Severní-průčelí-220x220.jpg 220w" sizes="(max-width: 150px) 100vw, 150px" /></a>
			</dt></dl><dl class='gallery-item'>
			<dt class='gallery-icon landscape'>
				<a href='https://www.ds.cz/wp-content/uploads/2019/10/Pod-Hradbami-666_1-původní-plány-půdorys-přízemí.jpg'><img loading="lazy" decoding="async" width="150" height="150" src="https://www.ds.cz/wp-content/uploads/2019/10/Pod-Hradbami-666_1-původní-plány-půdorys-přízemí-150x150.jpg" class="attachment-thumbnail size-thumbnail" alt="" srcset="https://www.ds.cz/wp-content/uploads/2019/10/Pod-Hradbami-666_1-původní-plány-půdorys-přízemí-150x150.jpg 150w, https://www.ds.cz/wp-content/uploads/2019/10/Pod-Hradbami-666_1-původní-plány-půdorys-přízemí-300x300.jpg 300w, https://www.ds.cz/wp-content/uploads/2019/10/Pod-Hradbami-666_1-původní-plány-půdorys-přízemí-220x220.jpg 220w" sizes="(max-width: 150px) 100vw, 150px" /></a>
			</dt></dl><dl class='gallery-item'>
			<dt class='gallery-icon landscape'>
				<a href='https://www.ds.cz/wp-content/uploads/2019/10/Pod-Hradbami-666_1-původní-plány-půdorys-I_patro.jpg'><img loading="lazy" decoding="async" width="150" height="150" src="https://www.ds.cz/wp-content/uploads/2019/10/Pod-Hradbami-666_1-původní-plány-půdorys-I_patro-150x150.jpg" class="attachment-thumbnail size-thumbnail" alt="" srcset="https://www.ds.cz/wp-content/uploads/2019/10/Pod-Hradbami-666_1-původní-plány-půdorys-I_patro-150x150.jpg 150w, https://www.ds.cz/wp-content/uploads/2019/10/Pod-Hradbami-666_1-původní-plány-půdorys-I_patro-300x300.jpg 300w, https://www.ds.cz/wp-content/uploads/2019/10/Pod-Hradbami-666_1-původní-plány-půdorys-I_patro-220x220.jpg 220w" sizes="(max-width: 150px) 100vw, 150px" /></a>
			</dt></dl><dl class='gallery-item'>
			<dt class='gallery-icon landscape'>
				<a href='https://www.ds.cz/wp-content/uploads/2019/10/Pod-Hradbami-1.jpg'><img loading="lazy" decoding="async" width="150" height="150" src="https://www.ds.cz/wp-content/uploads/2019/10/Pod-Hradbami-1-150x150.jpg" class="attachment-thumbnail size-thumbnail" alt="Pod Hradbami 1" srcset="https://www.ds.cz/wp-content/uploads/2019/10/Pod-Hradbami-1-150x150.jpg 150w, https://www.ds.cz/wp-content/uploads/2019/10/Pod-Hradbami-1-300x300.jpg 300w, https://www.ds.cz/wp-content/uploads/2019/10/Pod-Hradbami-1-220x220.jpg 220w" sizes="(max-width: 150px) 100vw, 150px" /></a>
			</dt></dl><dl class='gallery-item'>
			<dt class='gallery-icon portrait'>
				<a href='https://www.ds.cz/wp-content/uploads/2019/10/Pod-Hradbami1.jpg'><img loading="lazy" decoding="async" width="150" height="145" src="https://www.ds.cz/wp-content/uploads/2019/10/Pod-Hradbami1-e1570438892471-150x145.jpg" class="attachment-thumbnail size-thumbnail" alt="" /></a>
			</dt></dl><dl class='gallery-item'>
			<dt class='gallery-icon portrait'>
				<a href='https://www.ds.cz/wp-content/uploads/2019/10/PodHradbami1.jpg'><img loading="lazy" decoding="async" width="150" height="150" src="https://www.ds.cz/wp-content/uploads/2019/10/PodHradbami1-150x150.jpg" class="attachment-thumbnail size-thumbnail" alt="" srcset="https://www.ds.cz/wp-content/uploads/2019/10/PodHradbami1-150x150.jpg 150w, https://www.ds.cz/wp-content/uploads/2019/10/PodHradbami1-300x300.jpg 300w, https://www.ds.cz/wp-content/uploads/2019/10/PodHradbami1-220x220.jpg 220w" sizes="(max-width: 150px) 100vw, 150px" /></a>
			</dt></dl><br style="clear: both" />
		</div>

</div>
<hr>
<p>&nbsp;</p>
<div style="background-color: #e9e9ea; width: 100%;">
<div style="padding: 30px 30px 30px 30px;">
<p><strong>Use of the residence</strong></p>
<p style="line-height: 1.5em; text-align: justify; width: 95%;">The owner Karel Nowotny transfered the property to his minor children Otto Herbert and Karel Alexander Nowotny. The house was confiscated from&nbsp;Jewish children, who did not survive, after the end of World War II, on the basis of Decree of the President of the Republic 19/5 1945 No. 5. Coll. The villa was first transfered to the Administration of the Diplomatic Corps services in Prague and in 1946 the ownerships right was registered for&nbsp;the&nbsp;Czechoslovak State – the Ministry of Justice. An official apartment was set up in the house for the Minister of Justice Dr. Alexej Čepička<sup>7</sup>, who&nbsp;was politician of the Communist Party of the Czechoslovakia and son-in-law of Klement Gottwald.<br />
Later, employees of the Ministry of Foreign Affaires of the Czech Republic and Slovak Republic were accommodated in the residence. The entire property is currently used by the Embassy of Malaysia.</p>
</div>
</div>
</div>
</div>
<p>&nbsp;</p>
<hr />
<p style="line-height: 1em; text-align: justify; width: 93%;"><sup><sup>1</sup> Výpis z pozemkové knihy KÚ Střešovice, knihovní vložka číslo 704, ze dne 7. 8. 2019<br />
<sup>2</sup> Smlouva trhová č. 21231/28 ze dne 17. srpna 1928<br />
<sup>3</sup> Magistrát Hlavního města Prahy č. j. III-23641/29 ze dne 31. července 1929<br />
<sup>4</sup> Smlouva trhová č. 17676/1939 ze dne 28. června 1939<br />
<sup>5</sup> Úřad městské části Praha 6, Čs. armády 23, Praha 6, Kolaudační plán na stavbu vily ve Střešovicích<br />
<sup>6</sup> Plzeňský architektonický manuál dostupný online http://pam.plzne.cz/architekt/4-vilem-beer<br />
<sup>7</sup> ÚNV hl. m Prahy – referát technický Praha 1 Platnéřská 19 č. j. 9584/49-XI-3c-ref.Todt. ze dne 22. prosince 1949<br />
</sup></p>
<hr />
</div>

<p>&nbsp; Use of the residence The owner Karel Nowotny transfered the property to his minor children Otto Herbert and Karel Alexander Nowotny. The house<a class="moretag" href="https://www.ds.cz/en/objekty-ds/praha-6-stresovice/pod-hradbami-666-1/">Celý článek</a></p>
