{"id":1145,"date":"2019-05-03T14:34:06","date_gmt":"2019-05-03T12:34:06","guid":{"rendered":"https:\/\/www.ds.cz\/?page_id=1145"},"modified":"2020-11-30T13:02:29","modified_gmt":"2020-11-30T12:02:29","slug":"slunna-548-23","status":"publish","type":"page","link":"https:\/\/www.ds.cz\/en\/objekty-ds\/praha-6-stresovice\/slunna-548-23\/","title":{"rendered":"Slunn\u00e1 548\/23"},"content":{"rendered":"<hr \/>\n<div style=\"padding: 0px 30px 30px 0px;\">\n<div style=\"text-align: justify;\">\n<div style=\"padding: 30px 30px 30px 30px;\">\n<div class=\"su-row\"><div class=\"su-column su-column-size-1-2\"><div class=\"su-column-inner su-u-clearfix su-u-trim\">\n<p><strong>Original owner<\/strong><\/p>\n<p style=\"line-height: 1.5em; text-align: justify; width: 93%;\">A building plot with a garden in St\u0159e\u0161ovice was purchased from the Capital<br \/>\nof the City of Prague, on the basis of market contract<sup>1<\/sup>, of June 24, 1922, by&nbsp;lawyer of German origin, Mr. JUDr. Eugen Steiner, born&nbsp;December&nbsp;30,&nbsp;1885.<\/p>\n<p style=\"line-height: 1.5em; text-align: justify; width: 93%;\">Mr. Steiner aproached the architectural studio of Mr. Ernst M\u00fchlstein and&nbsp;Mr. Victor F\u00fcrth, located on Prague, Vinohrady, Legerova str. 76, for&nbsp;the architectural design. Building office of the capital of the City Prague issued on March 230, 1928 building permit<sup>2<\/sup>, based on their project of&nbsp;a&nbsp;neo-baroque one storey villa. After eight months, on November 14, 1928, the building commission sent permission to \u201einhabit and use\u201c the&nbsp;house, with the assigned descriptive number 548, in the, then, U&nbsp;Laborato\u0159e&nbsp;Street.<\/p>\n<p style=\"line-height: 1.5em; text-align: justify; width: 93%;\">Due to growing political tension against Jews in Europe in the 1930\u00b4s, which was associated with the radicalization of the international political scene and the civic climate, Mr. Steiner decided to emigrate to the United States, during the German occupation, and there he received American citizenship in 1946.\n<\/p>\n<\/div><\/div>\n<div class=\"su-column su-column-size-1-2\"><div class=\"su-column-inner su-u-clearfix su-u-trim\">\n<strong>Villa architecture<\/strong><\/p>\n<p style=\"line-height: 1.5em; text-align: justify; width: 93%;\">Architect Ernst M\u00fchlstein (1893\u20131961) graduated from German Technical University in&nbsp;Prague and also studied at the Academy of Fine Arts in&nbsp;Prague, his profesor was the famous architect and urban planner Jan&nbsp;Kot\u011bra, author of the Faculty of Law in Prague.<\/p>\n<p style=\"line-height: 1.5em; text-align: justify; width: 93%;\">One of the most famous building of the M\u00fchlstein-F\u00fcrth pair of architects is functionalist villa of the important Prague Jewish businessman Mr.&nbsp;Sch\u00fcck, the owner of the bakery collosus named Odkolek. The villa building has been published frequently in foreign press, as another similiar project in Cortina d\u00b4Ampezzo in Italy.<\/p>\n<p style=\"line-height: 1.5em; text-align: justify; width: 93%;\">In the following period, architects M\u00fchlstein and F\u00fcrth designed a number of commercial buildings (Te-ta Palace in Jungmannova street in Prague).<\/p>\n<p style=\"line-height: 1.5em; text-align: justify; width: 93%;\">Both architect left the Czechoslovakia before the war, Ernst M\u00fchlstein than&nbsp;worked under the name Ernst E. Milton in Melbourne, Australia, Victor&nbsp;F\u00fcrth was professor of architecture on University of Miami in Ohio. Many of the functionalistic buildings of the M\u00fchlstein-F\u00fcrth pair of&nbsp;architects belongs to the golden fund of the Czechoslovak interwar architecture<sup>3<\/sup>.<\/p>\n<\/div><\/div><\/div>\n<hr \/>\n<div style=\"margin-left: 80px; margin-right: 30px;\">\n<div id='gallery-2' class='gallery galleryid-1145 gallery-columns-6 gallery-size-thumbnail'><dl class='gallery-item'>\n\t\t\t<dt class='gallery-icon landscape'>\n\t\t\t\t<a href='https:\/\/www.ds.cz\/wp-content\/uploads\/2019\/10\/Slunn\u00e1-548_23-P\u016fvodn\u00ed-pl\u00e1ny-pohled-od-jihu-ze-zahrady.jpg'><img loading=\"lazy\" decoding=\"async\" width=\"150\" height=\"111\" src=\"https:\/\/www.ds.cz\/wp-content\/uploads\/2019\/10\/Slunn\u00e1-548_23-P\u016fvodn\u00ed-pl\u00e1ny-pohled-od-jihu-ze-zahrady-e1572428629654-150x111.jpg\" class=\"attachment-thumbnail size-thumbnail\" alt=\"\" \/><\/a>\n\t\t\t<\/dt><\/dl><dl class='gallery-item'>\n\t\t\t<dt class='gallery-icon landscape'>\n\t\t\t\t<a href='https:\/\/www.ds.cz\/wp-content\/uploads\/2019\/10\/Slunn\u00e1-548_23-P\u016fvodn\u00ed-pl\u00e1ny-pohled-od-severu-na-hlavn\u00ed-vstup.jpg'><img loading=\"lazy\" decoding=\"async\" width=\"150\" height=\"150\" src=\"https:\/\/www.ds.cz\/wp-content\/uploads\/2019\/10\/Slunn\u00e1-548_23-P\u016fvodn\u00ed-pl\u00e1ny-pohled-od-severu-na-hlavn\u00ed-vstup-150x150.jpg\" class=\"attachment-thumbnail size-thumbnail\" alt=\"\" srcset=\"https:\/\/www.ds.cz\/wp-content\/uploads\/2019\/10\/Slunn\u00e1-548_23-P\u016fvodn\u00ed-pl\u00e1ny-pohled-od-severu-na-hlavn\u00ed-vstup-150x150.jpg 150w, https:\/\/www.ds.cz\/wp-content\/uploads\/2019\/10\/Slunn\u00e1-548_23-P\u016fvodn\u00ed-pl\u00e1ny-pohled-od-severu-na-hlavn\u00ed-vstup-300x300.jpg 300w, https:\/\/www.ds.cz\/wp-content\/uploads\/2019\/10\/Slunn\u00e1-548_23-P\u016fvodn\u00ed-pl\u00e1ny-pohled-od-severu-na-hlavn\u00ed-vstup-220x220.jpg 220w\" sizes=\"(max-width: 150px) 100vw, 150px\" \/><\/a>\n\t\t\t<\/dt><\/dl><dl class='gallery-item'>\n\t\t\t<dt class='gallery-icon landscape'>\n\t\t\t\t<a href='https:\/\/www.ds.cz\/wp-content\/uploads\/2019\/10\/Slunn\u00e1-548_23-pohled-ze-zahrady.jpg'><img loading=\"lazy\" decoding=\"async\" width=\"150\" height=\"150\" src=\"https:\/\/www.ds.cz\/wp-content\/uploads\/2019\/10\/Slunn\u00e1-548_23-pohled-ze-zahrady-150x150.jpg\" class=\"attachment-thumbnail size-thumbnail\" alt=\"Pohled ze zahrady\" srcset=\"https:\/\/www.ds.cz\/wp-content\/uploads\/2019\/10\/Slunn\u00e1-548_23-pohled-ze-zahrady-150x150.jpg 150w, https:\/\/www.ds.cz\/wp-content\/uploads\/2019\/10\/Slunn\u00e1-548_23-pohled-ze-zahrady-300x300.jpg 300w, https:\/\/www.ds.cz\/wp-content\/uploads\/2019\/10\/Slunn\u00e1-548_23-pohled-ze-zahrady-220x220.jpg 220w\" sizes=\"(max-width: 150px) 100vw, 150px\" \/><\/a>\n\t\t\t<\/dt><\/dl><dl class='gallery-item'>\n\t\t\t<dt class='gallery-icon landscape'>\n\t\t\t\t<a href='https:\/\/www.ds.cz\/wp-content\/uploads\/2019\/10\/Slunn\u00e1-548_23-pohled-na-hlavn\u00ed-vchod.jpg'><img loading=\"lazy\" decoding=\"async\" width=\"150\" height=\"150\" src=\"https:\/\/www.ds.cz\/wp-content\/uploads\/2019\/10\/Slunn\u00e1-548_23-pohled-na-hlavn\u00ed-vchod-150x150.jpg\" class=\"attachment-thumbnail size-thumbnail\" alt=\"\" srcset=\"https:\/\/www.ds.cz\/wp-content\/uploads\/2019\/10\/Slunn\u00e1-548_23-pohled-na-hlavn\u00ed-vchod-150x150.jpg 150w, https:\/\/www.ds.cz\/wp-content\/uploads\/2019\/10\/Slunn\u00e1-548_23-pohled-na-hlavn\u00ed-vchod-300x300.jpg 300w, https:\/\/www.ds.cz\/wp-content\/uploads\/2019\/10\/Slunn\u00e1-548_23-pohled-na-hlavn\u00ed-vchod-220x220.jpg 220w\" sizes=\"(max-width: 150px) 100vw, 150px\" \/><\/a>\n\t\t\t<\/dt><\/dl><dl class='gallery-item'>\n\t\t\t<dt class='gallery-icon landscape'>\n\t\t\t\t<a href='https:\/\/www.ds.cz\/wp-content\/uploads\/2019\/10\/Slunn\u00e1-548_23-interi\u00e9r-vily.jpg'><img loading=\"lazy\" decoding=\"async\" width=\"150\" height=\"150\" src=\"https:\/\/www.ds.cz\/wp-content\/uploads\/2019\/10\/Slunn\u00e1-548_23-interi\u00e9r-vily-150x150.jpg\" class=\"attachment-thumbnail size-thumbnail\" alt=\"\" srcset=\"https:\/\/www.ds.cz\/wp-content\/uploads\/2019\/10\/Slunn\u00e1-548_23-interi\u00e9r-vily-150x150.jpg 150w, https:\/\/www.ds.cz\/wp-content\/uploads\/2019\/10\/Slunn\u00e1-548_23-interi\u00e9r-vily-300x300.jpg 300w, https:\/\/www.ds.cz\/wp-content\/uploads\/2019\/10\/Slunn\u00e1-548_23-interi\u00e9r-vily-220x220.jpg 220w\" sizes=\"(max-width: 150px) 100vw, 150px\" \/><\/a>\n\t\t\t<\/dt><\/dl><dl class='gallery-item'>\n\t\t\t<dt class='gallery-icon landscape'>\n\t\t\t\t<a href='https:\/\/www.ds.cz\/wp-content\/uploads\/2019\/10\/Slunn\u00e1-548_23-bo\u010dn\u00ed-pohled-z-ulice.jpg'><img loading=\"lazy\" decoding=\"async\" width=\"150\" height=\"150\" src=\"https:\/\/www.ds.cz\/wp-content\/uploads\/2019\/10\/Slunn\u00e1-548_23-bo\u010dn\u00ed-pohled-z-ulice-150x150.jpg\" class=\"attachment-thumbnail size-thumbnail\" alt=\"\" srcset=\"https:\/\/www.ds.cz\/wp-content\/uploads\/2019\/10\/Slunn\u00e1-548_23-bo\u010dn\u00ed-pohled-z-ulice-150x150.jpg 150w, https:\/\/www.ds.cz\/wp-content\/uploads\/2019\/10\/Slunn\u00e1-548_23-bo\u010dn\u00ed-pohled-z-ulice-300x300.jpg 300w, https:\/\/www.ds.cz\/wp-content\/uploads\/2019\/10\/Slunn\u00e1-548_23-bo\u010dn\u00ed-pohled-z-ulice-220x220.jpg 220w\" sizes=\"(max-width: 150px) 100vw, 150px\" \/><\/a>\n\t\t\t<\/dt><\/dl><br style=\"clear: both\" \/>\n\t\t<\/div>\n<\/div>\n<hr>\n<p>&nbsp;<\/p>\n<div style=\"background-color: #e9e9ea; width: 100%;\">\n<div style=\"padding: 30px 30px 30px 30px;\">\n<p><strong>Use of the villa  <\/strong><\/p>\n<p style=\"line-height: 1.5em; text-align: justify; width: 95%;\">The villa was confiscated from the original owner, Mr. Steiner, on March 16, 1939, in favor of the German Empire. After the end of the World War was&nbsp;real estate on the basis of Decree No.108\/1945 Coll., rewritten under the National Administration. The house was managed by the Housing Company of&nbsp;the Capitol City of Prague and it was subsequently handed over to the Administration of the Services of the Diplomatic Corps in Prague, whose successor organization is today\u00b4s Diplomatic Service.<\/p>\n<p style=\"line-height: 1.5em; text-align: justify; width: 95%;\">The Residence, which was divided into individual flats after the war, was used to accommodate mainly emloyees of the Ministry of Foreign Affaires, until&nbsp;1970. Subsequently, the villa was leased for 35 years to the Embassy of the Republic of Poland, and since 2006 to the present, the&nbsp;whole&nbsp;property has been used as its residence by the Embassy of the Kingdom of Morocco.<\/p>\n<\/div>\n<\/div>\n<\/div>\n<\/div>\n<p>&nbsp;<\/p>\n<hr \/>\n<p style=\"line-height: 1em; text-align: justify; width: 93%;\"><sup><sup>1<\/sup> Pozemkov\u00e1 kniha, Katastr\u00e1ln\u00ed obec St\u0159e\u0161ovice, \u010d\u00edslo knihovn\u00ed vlo\u017eky: 655, \u010d. j. PU16764\/2019-101 ze dne 23. 07. 2019, opis provedl: Pavl\u00edna Ryvola<br \/>\n<sup>2<\/sup> Opis ozn\u00e1men\u00ed zapo\u010det\u00ed stavby \u010d. j. III-18384\/78 z 15. 5. 1928<br \/>\n<sup>3<\/sup> P\u0159emysl Veverka, Dita Dvo\u0159\u00e1kov\u00e1, Petr Kraj\u010di, Zden\u011bk Luke\u0161, Slavn\u00e9 pra\u017esk\u00e9 vily, str. 106, ISBN: 978-80-87073-01-8<br \/>\n<\/sup><\/p>\n<hr \/>\n<\/div>","protected":false},"excerpt":{"rendered":"<p>&nbsp; Use of the villa The villa was confiscated from the original owner, Mr. Steiner, on March 16, 1939, in favor of the German<a class=\"moretag\" href=\"https:\/\/www.ds.cz\/en\/objekty-ds\/praha-6-stresovice\/slunna-548-23\/\">Cel\u00fd \u010dl\u00e1nek<\/a><\/p>\n","protected":false},"author":2,"featured_media":0,"parent":1530,"menu_order":0,"comment_status":"closed","ping_status":"closed","template":"","meta":{"_acf_changed":false,"footnotes":""},"acf":[],"aioseo_notices":[],"_links":{"self":[{"href":"https:\/\/www.ds.cz\/en\/wp-json\/wp\/v2\/pages\/1145"}],"collection":[{"href":"https:\/\/www.ds.cz\/en\/wp-json\/wp\/v2\/pages"}],"about":[{"href":"https:\/\/www.ds.cz\/en\/wp-json\/wp\/v2\/types\/page"}],"author":[{"embeddable":true,"href":"https:\/\/www.ds.cz\/en\/wp-json\/wp\/v2\/users\/2"}],"replies":[{"embeddable":true,"href":"https:\/\/www.ds.cz\/en\/wp-json\/wp\/v2\/comments?post=1145"}],"version-history":[{"count":17,"href":"https:\/\/www.ds.cz\/en\/wp-json\/wp\/v2\/pages\/1145\/revisions"}],"predecessor-version":[{"id":5637,"href":"https:\/\/www.ds.cz\/en\/wp-json\/wp\/v2\/pages\/1145\/revisions\/5637"}],"up":[{"embeddable":true,"href":"https:\/\/www.ds.cz\/en\/wp-json\/wp\/v2\/pages\/1530"}],"wp:attachment":[{"href":"https:\/\/www.ds.cz\/en\/wp-json\/wp\/v2\/media?parent=1145"}],"curies":[{"name":"wp","href":"https:\/\/api.w.org\/{rel}","templated":true}]}}

Slunná 548/23

<hr />
<div style="padding: 0px 30px 30px 0px;">
<div style="text-align: justify;">
<div style="padding: 30px 30px 30px 30px;">
<div class="su-row"><div class="su-column su-column-size-1-2"><div class="su-column-inner su-u-clearfix su-u-trim">
<p><strong>Original owner</strong></p>
<p style="line-height: 1.5em; text-align: justify; width: 93%;">A building plot with a garden in Střešovice was purchased from the Capital<br />
of the City of Prague, on the basis of market contract<sup>1</sup>, of June 24, 1922, by&nbsp;lawyer of German origin, Mr. JUDr. Eugen Steiner, born&nbsp;December&nbsp;30,&nbsp;1885.</p>
<p style="line-height: 1.5em; text-align: justify; width: 93%;">Mr. Steiner aproached the architectural studio of Mr. Ernst Mühlstein and&nbsp;Mr. Victor Fürth, located on Prague, Vinohrady, Legerova str. 76, for&nbsp;the architectural design. Building office of the capital of the City Prague issued on March 230, 1928 building permit<sup>2</sup>, based on their project of&nbsp;a&nbsp;neo-baroque one storey villa. After eight months, on November 14, 1928, the building commission sent permission to „inhabit and use“ the&nbsp;house, with the assigned descriptive number 548, in the, then, U&nbsp;Laboratoře&nbsp;Street.</p>
<p style="line-height: 1.5em; text-align: justify; width: 93%;">Due to growing political tension against Jews in Europe in the 1930´s, which was associated with the radicalization of the international political scene and the civic climate, Mr. Steiner decided to emigrate to the United States, during the German occupation, and there he received American citizenship in 1946.
</p>
</div></div>
<div class="su-column su-column-size-1-2"><div class="su-column-inner su-u-clearfix su-u-trim">
<strong>Villa architecture</strong></p>
<p style="line-height: 1.5em; text-align: justify; width: 93%;">Architect Ernst Mühlstein (1893–1961) graduated from German Technical University in&nbsp;Prague and also studied at the Academy of Fine Arts in&nbsp;Prague, his profesor was the famous architect and urban planner Jan&nbsp;Kotěra, author of the Faculty of Law in Prague.</p>
<p style="line-height: 1.5em; text-align: justify; width: 93%;">One of the most famous building of the Mühlstein-Fürth pair of architects is functionalist villa of the important Prague Jewish businessman Mr.&nbsp;Schück, the owner of the bakery collosus named Odkolek. The villa building has been published frequently in foreign press, as another similiar project in Cortina d´Ampezzo in Italy.</p>
<p style="line-height: 1.5em; text-align: justify; width: 93%;">In the following period, architects Mühlstein and Fürth designed a number of commercial buildings (Te-ta Palace in Jungmannova street in Prague).</p>
<p style="line-height: 1.5em; text-align: justify; width: 93%;">Both architect left the Czechoslovakia before the war, Ernst Mühlstein than&nbsp;worked under the name Ernst E. Milton in Melbourne, Australia, Victor&nbsp;Fürth was professor of architecture on University of Miami in Ohio. Many of the functionalistic buildings of the Mühlstein-Fürth pair of&nbsp;architects belongs to the golden fund of the Czechoslovak interwar architecture<sup>3</sup>.</p>
</div></div></div>
<hr />
<div style="margin-left: 80px; margin-right: 30px;">
<div id='gallery-2' class='gallery galleryid-1145 gallery-columns-6 gallery-size-thumbnail'><dl class='gallery-item'>
			<dt class='gallery-icon landscape'>
				<a href='https://www.ds.cz/wp-content/uploads/2019/10/Slunná-548_23-Původní-plány-pohled-od-jihu-ze-zahrady.jpg'><img loading="lazy" decoding="async" width="150" height="111" src="https://www.ds.cz/wp-content/uploads/2019/10/Slunná-548_23-Původní-plány-pohled-od-jihu-ze-zahrady-e1572428629654-150x111.jpg" class="attachment-thumbnail size-thumbnail" alt="" /></a>
			</dt></dl><dl class='gallery-item'>
			<dt class='gallery-icon landscape'>
				<a href='https://www.ds.cz/wp-content/uploads/2019/10/Slunná-548_23-Původní-plány-pohled-od-severu-na-hlavní-vstup.jpg'><img loading="lazy" decoding="async" width="150" height="150" src="https://www.ds.cz/wp-content/uploads/2019/10/Slunná-548_23-Původní-plány-pohled-od-severu-na-hlavní-vstup-150x150.jpg" class="attachment-thumbnail size-thumbnail" alt="" srcset="https://www.ds.cz/wp-content/uploads/2019/10/Slunná-548_23-Původní-plány-pohled-od-severu-na-hlavní-vstup-150x150.jpg 150w, https://www.ds.cz/wp-content/uploads/2019/10/Slunná-548_23-Původní-plány-pohled-od-severu-na-hlavní-vstup-300x300.jpg 300w, https://www.ds.cz/wp-content/uploads/2019/10/Slunná-548_23-Původní-plány-pohled-od-severu-na-hlavní-vstup-220x220.jpg 220w" sizes="(max-width: 150px) 100vw, 150px" /></a>
			</dt></dl><dl class='gallery-item'>
			<dt class='gallery-icon landscape'>
				<a href='https://www.ds.cz/wp-content/uploads/2019/10/Slunná-548_23-pohled-ze-zahrady.jpg'><img loading="lazy" decoding="async" width="150" height="150" src="https://www.ds.cz/wp-content/uploads/2019/10/Slunná-548_23-pohled-ze-zahrady-150x150.jpg" class="attachment-thumbnail size-thumbnail" alt="Pohled ze zahrady" srcset="https://www.ds.cz/wp-content/uploads/2019/10/Slunná-548_23-pohled-ze-zahrady-150x150.jpg 150w, https://www.ds.cz/wp-content/uploads/2019/10/Slunná-548_23-pohled-ze-zahrady-300x300.jpg 300w, https://www.ds.cz/wp-content/uploads/2019/10/Slunná-548_23-pohled-ze-zahrady-220x220.jpg 220w" sizes="(max-width: 150px) 100vw, 150px" /></a>
			</dt></dl><dl class='gallery-item'>
			<dt class='gallery-icon landscape'>
				<a href='https://www.ds.cz/wp-content/uploads/2019/10/Slunná-548_23-pohled-na-hlavní-vchod.jpg'><img loading="lazy" decoding="async" width="150" height="150" src="https://www.ds.cz/wp-content/uploads/2019/10/Slunná-548_23-pohled-na-hlavní-vchod-150x150.jpg" class="attachment-thumbnail size-thumbnail" alt="" srcset="https://www.ds.cz/wp-content/uploads/2019/10/Slunná-548_23-pohled-na-hlavní-vchod-150x150.jpg 150w, https://www.ds.cz/wp-content/uploads/2019/10/Slunná-548_23-pohled-na-hlavní-vchod-300x300.jpg 300w, https://www.ds.cz/wp-content/uploads/2019/10/Slunná-548_23-pohled-na-hlavní-vchod-220x220.jpg 220w" sizes="(max-width: 150px) 100vw, 150px" /></a>
			</dt></dl><dl class='gallery-item'>
			<dt class='gallery-icon landscape'>
				<a href='https://www.ds.cz/wp-content/uploads/2019/10/Slunná-548_23-interiér-vily.jpg'><img loading="lazy" decoding="async" width="150" height="150" src="https://www.ds.cz/wp-content/uploads/2019/10/Slunná-548_23-interiér-vily-150x150.jpg" class="attachment-thumbnail size-thumbnail" alt="" srcset="https://www.ds.cz/wp-content/uploads/2019/10/Slunná-548_23-interiér-vily-150x150.jpg 150w, https://www.ds.cz/wp-content/uploads/2019/10/Slunná-548_23-interiér-vily-300x300.jpg 300w, https://www.ds.cz/wp-content/uploads/2019/10/Slunná-548_23-interiér-vily-220x220.jpg 220w" sizes="(max-width: 150px) 100vw, 150px" /></a>
			</dt></dl><dl class='gallery-item'>
			<dt class='gallery-icon landscape'>
				<a href='https://www.ds.cz/wp-content/uploads/2019/10/Slunná-548_23-boční-pohled-z-ulice.jpg'><img loading="lazy" decoding="async" width="150" height="150" src="https://www.ds.cz/wp-content/uploads/2019/10/Slunná-548_23-boční-pohled-z-ulice-150x150.jpg" class="attachment-thumbnail size-thumbnail" alt="" srcset="https://www.ds.cz/wp-content/uploads/2019/10/Slunná-548_23-boční-pohled-z-ulice-150x150.jpg 150w, https://www.ds.cz/wp-content/uploads/2019/10/Slunná-548_23-boční-pohled-z-ulice-300x300.jpg 300w, https://www.ds.cz/wp-content/uploads/2019/10/Slunná-548_23-boční-pohled-z-ulice-220x220.jpg 220w" sizes="(max-width: 150px) 100vw, 150px" /></a>
			</dt></dl><br style="clear: both" />
		</div>
</div>
<hr>
<p>&nbsp;</p>
<div style="background-color: #e9e9ea; width: 100%;">
<div style="padding: 30px 30px 30px 30px;">
<p><strong>Use of the villa  </strong></p>
<p style="line-height: 1.5em; text-align: justify; width: 95%;">The villa was confiscated from the original owner, Mr. Steiner, on March 16, 1939, in favor of the German Empire. After the end of the World War was&nbsp;real estate on the basis of Decree No.108/1945 Coll., rewritten under the National Administration. The house was managed by the Housing Company of&nbsp;the Capitol City of Prague and it was subsequently handed over to the Administration of the Services of the Diplomatic Corps in Prague, whose successor organization is today´s Diplomatic Service.</p>
<p style="line-height: 1.5em; text-align: justify; width: 95%;">The Residence, which was divided into individual flats after the war, was used to accommodate mainly emloyees of the Ministry of Foreign Affaires, until&nbsp;1970. Subsequently, the villa was leased for 35 years to the Embassy of the Republic of Poland, and since 2006 to the present, the&nbsp;whole&nbsp;property has been used as its residence by the Embassy of the Kingdom of Morocco.</p>
</div>
</div>
</div>
</div>
<p>&nbsp;</p>
<hr />
<p style="line-height: 1em; text-align: justify; width: 93%;"><sup><sup>1</sup> Pozemková kniha, Katastrální obec Střešovice, číslo knihovní vložky: 655, č. j. PU16764/2019-101 ze dne 23. 07. 2019, opis provedl: Pavlína Ryvola<br />
<sup>2</sup> Opis oznámení započetí stavby č. j. III-18384/78 z 15. 5. 1928<br />
<sup>3</sup> Přemysl Veverka, Dita Dvořáková, Petr Krajči, Zdeněk Lukeš, Slavné pražské vily, str. 106, ISBN: 978-80-87073-01-8<br />
</sup></p>
<hr />
</div>

<p>&nbsp; Use of the villa The villa was confiscated from the original owner, Mr. Steiner, on March 16, 1939, in favor of the German<a class="moretag" href="https://www.ds.cz/en/objekty-ds/praha-6-stresovice/slunna-548-23/">Celý článek</a></p>
