{"id":1185,"date":"2019-05-03T15:32:08","date_gmt":"2019-05-03T13:32:08","guid":{"rendered":"https:\/\/www.ds.cz\/?page_id=1185"},"modified":"2020-12-05T19:47:25","modified_gmt":"2020-12-05T18:47:25","slug":"pod-hradbami-662-9","status":"publish","type":"page","link":"https:\/\/www.ds.cz\/en\/objekty-ds\/praha-6-stresovice\/pod-hradbami-662-9\/","title":{"rendered":"Pod Hradbami 662\/9"},"content":{"rendered":"<hr \/>\n<div style=\"padding: 0px 30px 30px 0px;\">\n<div style=\"text-align: justify;\">\n<div style=\"padding: 30px 30px 30px 30px;\">\n<div class=\"su-row\"><div class=\"su-column su-column-size-1-2\"><div class=\"su-column-inner su-u-clearfix su-u-trim\">\n<p><strong>Original owners<\/strong><\/p>\n<p style=\"line-height: 1.5em; text-align: justify; width: 93%;\">On June 25, 1927, bought Mrs. Anna Diamantov\u00e1, born 14. 12. 1868 and&nbsp;Mrs. Mariana Kafkov\u00e1 (birth surname Diamantov\u00e1) born 15. 8. 1897, wife of lawyer JUDr. Pavel Kafka, from the Capital City of Prague, land with the ownership certificate No. 700, cadastral district St\u0159e\u0161ovice. It&nbsp;was&nbsp;entered in the title deed after both names \u201ehalf Jewish\u201c<sup>1<\/sup>.<\/p>\n<p style=\"line-height: 1.5em; text-align: justify; width: 93%;\">The Kafkaes become parents of two daughters, Hanna Kafkov\u00e1 was born 2.&nbsp;5.&nbsp;1928 and Eva Kafkov\u00e1 was born 17.4.1932. Family was forced to hand over the villa to the Emigration Fund for Bohemia and Moravia (Auswanderungsfond f\u00fcr B\u00f6hmen und M\u00e4hren) in April 1940. Fund was&nbsp;established a month earlier, as a component of the Central Office for&nbsp;Jewish Emigration. All confiscated property was transfered to the fund and the deportation of Jews was subsequently financed from it. In October, the entire Kafka family was deported to the ghetto in Lod\u017e, in one of&nbsp;the&nbsp;first transports sent from Bohemia<sup>2<\/sup>. No one in the family lived to see the end of the war.<\/p>\n<\/div><\/div>\n<div class=\"su-column su-column-size-1-2\"><div class=\"su-column-inner su-u-clearfix su-u-trim\">\n<strong>Villa architecture<\/strong><\/p>\n<p style=\"line-height: 1.5em; text-align: justify; width: 93%;\">The construction of the house was commissioned by the companies Ehrmann and Steuer, Jungmannova 32, Prague 2. The house was designed by the design company of Ing. Rudolf Ehrmann for mother and daughter as&nbsp;an elegant symmetrical semi-detached house in neo-classicist style. Completion of the construction proces dates back to May 22, 1928, when the City of Prague issued a permit to \u201e inhabit and use\u201c<sup>3<\/sup>.<\/p>\n<\/div><\/div><\/div>\n<hr \/>\n<div style=\"margin-left: 30px; margin-right: 30px;\">\n<div id='gallery-2' class='gallery galleryid-1185 gallery-columns-7 gallery-size-thumbnail'><dl class='gallery-item'>\n\t\t\t<dt class='gallery-icon portrait'>\n\t\t\t\t<a href='https:\/\/www.ds.cz\/wp-content\/uploads\/2019\/07\/Pod-Hradbami-662_9_P\u016fvodn\u00ed-majitelka_Marianna-Kafkova\u0301.jpg'><img loading=\"lazy\" decoding=\"async\" width=\"150\" height=\"150\" src=\"https:\/\/www.ds.cz\/wp-content\/uploads\/2019\/07\/Pod-Hradbami-662_9_P\u016fvodn\u00ed-majitelka_Marianna-Kafkova\u0301-150x150.jpg\" class=\"attachment-thumbnail size-thumbnail\" alt=\"Marianna Kafkova\u0301\" srcset=\"https:\/\/www.ds.cz\/wp-content\/uploads\/2019\/07\/Pod-Hradbami-662_9_P\u016fvodn\u00ed-majitelka_Marianna-Kafkova\u0301-150x150.jpg 150w, https:\/\/www.ds.cz\/wp-content\/uploads\/2019\/07\/Pod-Hradbami-662_9_P\u016fvodn\u00ed-majitelka_Marianna-Kafkova\u0301-300x300.jpg 300w, https:\/\/www.ds.cz\/wp-content\/uploads\/2019\/07\/Pod-Hradbami-662_9_P\u016fvodn\u00ed-majitelka_Marianna-Kafkova\u0301-220x220.jpg 220w\" sizes=\"(max-width: 150px) 100vw, 150px\" \/><\/a>\n\t\t\t<\/dt><\/dl><dl class='gallery-item'>\n\t\t\t<dt class='gallery-icon landscape'>\n\t\t\t\t<a href='https:\/\/www.ds.cz\/wp-content\/uploads\/2019\/07\/Pod-Hradbami_662_9-P\u016fvodn\u00ed-pl\u00e1n-domu.jpg'><img loading=\"lazy\" decoding=\"async\" width=\"150\" height=\"150\" src=\"https:\/\/www.ds.cz\/wp-content\/uploads\/2019\/07\/Pod-Hradbami_662_9-P\u016fvodn\u00ed-pl\u00e1n-domu-150x150.jpg\" class=\"attachment-thumbnail size-thumbnail\" alt=\"P\u016fvodn\u00ed pl\u00e1n domu\" srcset=\"https:\/\/www.ds.cz\/wp-content\/uploads\/2019\/07\/Pod-Hradbami_662_9-P\u016fvodn\u00ed-pl\u00e1n-domu-150x150.jpg 150w, https:\/\/www.ds.cz\/wp-content\/uploads\/2019\/07\/Pod-Hradbami_662_9-P\u016fvodn\u00ed-pl\u00e1n-domu-300x300.jpg 300w, https:\/\/www.ds.cz\/wp-content\/uploads\/2019\/07\/Pod-Hradbami_662_9-P\u016fvodn\u00ed-pl\u00e1n-domu-220x220.jpg 220w\" sizes=\"(max-width: 150px) 100vw, 150px\" \/><\/a>\n\t\t\t<\/dt><\/dl><dl class='gallery-item'>\n\t\t\t<dt class='gallery-icon landscape'>\n\t\t\t\t<a href='https:\/\/www.ds.cz\/wp-content\/uploads\/2019\/07\/Pod-Hradbami-662_9-Zahrada.jpg'><img loading=\"lazy\" decoding=\"async\" width=\"150\" height=\"150\" src=\"https:\/\/www.ds.cz\/wp-content\/uploads\/2019\/07\/Pod-Hradbami-662_9-Zahrada-150x150.jpg\" class=\"attachment-thumbnail size-thumbnail\" alt=\"Zahrada\" srcset=\"https:\/\/www.ds.cz\/wp-content\/uploads\/2019\/07\/Pod-Hradbami-662_9-Zahrada-150x150.jpg 150w, https:\/\/www.ds.cz\/wp-content\/uploads\/2019\/07\/Pod-Hradbami-662_9-Zahrada-300x300.jpg 300w, https:\/\/www.ds.cz\/wp-content\/uploads\/2019\/07\/Pod-Hradbami-662_9-Zahrada-220x220.jpg 220w\" sizes=\"(max-width: 150px) 100vw, 150px\" \/><\/a>\n\t\t\t<\/dt><\/dl><dl class='gallery-item'>\n\t\t\t<dt class='gallery-icon landscape'>\n\t\t\t\t<a href='https:\/\/www.ds.cz\/wp-content\/uploads\/2019\/07\/Pod-Hradbami-662_9-Pohled-z-ulice.jpg'><img loading=\"lazy\" decoding=\"async\" width=\"150\" height=\"150\" src=\"https:\/\/www.ds.cz\/wp-content\/uploads\/2019\/07\/Pod-Hradbami-662_9-Pohled-z-ulice-150x150.jpg\" class=\"attachment-thumbnail size-thumbnail\" alt=\"Pohled z ulice\" srcset=\"https:\/\/www.ds.cz\/wp-content\/uploads\/2019\/07\/Pod-Hradbami-662_9-Pohled-z-ulice-150x150.jpg 150w, https:\/\/www.ds.cz\/wp-content\/uploads\/2019\/07\/Pod-Hradbami-662_9-Pohled-z-ulice-300x300.jpg 300w, https:\/\/www.ds.cz\/wp-content\/uploads\/2019\/07\/Pod-Hradbami-662_9-Pohled-z-ulice-220x220.jpg 220w\" sizes=\"(max-width: 150px) 100vw, 150px\" \/><\/a>\n\t\t\t<\/dt><\/dl><dl class='gallery-item'>\n\t\t\t<dt class='gallery-icon landscape'>\n\t\t\t\t<a href='https:\/\/www.ds.cz\/wp-content\/uploads\/2019\/07\/Pod-Hradbami-662_9-Pohled-ze-zahrady.jpg'><img loading=\"lazy\" decoding=\"async\" width=\"150\" height=\"150\" src=\"https:\/\/www.ds.cz\/wp-content\/uploads\/2019\/07\/Pod-Hradbami-662_9-Pohled-ze-zahrady-150x150.jpg\" class=\"attachment-thumbnail size-thumbnail\" alt=\"Pohled ze zahrady\" srcset=\"https:\/\/www.ds.cz\/wp-content\/uploads\/2019\/07\/Pod-Hradbami-662_9-Pohled-ze-zahrady-150x150.jpg 150w, https:\/\/www.ds.cz\/wp-content\/uploads\/2019\/07\/Pod-Hradbami-662_9-Pohled-ze-zahrady-300x300.jpg 300w, https:\/\/www.ds.cz\/wp-content\/uploads\/2019\/07\/Pod-Hradbami-662_9-Pohled-ze-zahrady-220x220.jpg 220w\" sizes=\"(max-width: 150px) 100vw, 150px\" \/><\/a>\n\t\t\t<\/dt><\/dl><dl class='gallery-item'>\n\t\t\t<dt class='gallery-icon landscape'>\n\t\t\t\t<a href='https:\/\/www.ds.cz\/wp-content\/uploads\/2019\/07\/Pod-Hradbami-662_9-Exteri\u00e9r-domu.jpg'><img loading=\"lazy\" decoding=\"async\" width=\"150\" height=\"150\" src=\"https:\/\/www.ds.cz\/wp-content\/uploads\/2019\/07\/Pod-Hradbami-662_9-Exteri\u00e9r-domu-150x150.jpg\" class=\"attachment-thumbnail size-thumbnail\" alt=\"Exteri\u00e9r domu\" srcset=\"https:\/\/www.ds.cz\/wp-content\/uploads\/2019\/07\/Pod-Hradbami-662_9-Exteri\u00e9r-domu-150x150.jpg 150w, https:\/\/www.ds.cz\/wp-content\/uploads\/2019\/07\/Pod-Hradbami-662_9-Exteri\u00e9r-domu-300x300.jpg 300w, https:\/\/www.ds.cz\/wp-content\/uploads\/2019\/07\/Pod-Hradbami-662_9-Exteri\u00e9r-domu-220x220.jpg 220w\" sizes=\"(max-width: 150px) 100vw, 150px\" \/><\/a>\n\t\t\t<\/dt><\/dl><dl class='gallery-item'>\n\t\t\t<dt class='gallery-icon landscape'>\n\t\t\t\t<a href='https:\/\/www.ds.cz\/wp-content\/uploads\/2019\/07\/Pod-Hradbami-662_9-Interi\u00e9r-domu.jpg'><img loading=\"lazy\" decoding=\"async\" width=\"150\" height=\"150\" src=\"https:\/\/www.ds.cz\/wp-content\/uploads\/2019\/07\/Pod-Hradbami-662_9-Interi\u00e9r-domu-150x150.jpg\" class=\"attachment-thumbnail size-thumbnail\" alt=\"Interi\u00e9r domu\" srcset=\"https:\/\/www.ds.cz\/wp-content\/uploads\/2019\/07\/Pod-Hradbami-662_9-Interi\u00e9r-domu-150x150.jpg 150w, https:\/\/www.ds.cz\/wp-content\/uploads\/2019\/07\/Pod-Hradbami-662_9-Interi\u00e9r-domu-300x300.jpg 300w, https:\/\/www.ds.cz\/wp-content\/uploads\/2019\/07\/Pod-Hradbami-662_9-Interi\u00e9r-domu-220x220.jpg 220w\" sizes=\"(max-width: 150px) 100vw, 150px\" \/><\/a>\n\t\t\t<\/dt><\/dl><br style=\"clear: both\" \/>\n\t\t<\/div>\n\n<\/div>\n<hr>\n<p>&nbsp;<\/p>\n<div style=\"background-color: #e9e9ea; width: 100%;\">\n<div style=\"padding: 30px 30px 30px 30px;\">\n<p><strong>Use of the residence<\/strong><\/p>\n<p style=\"line-height: 1.5em; text-align: justify; width: 95%;\">The property passed on September 13, 1945, according to the announcement of the Ministry of Labor Protection and Social Care, of July 17, 194, No&nbsp;4300 \u2013 17\/7 and Decree of the President of the Republic 19\/5 1945 No5 Coll., under the National Administration. The villa was managed by&nbsp;the&nbsp;Housing company of the Capital of the City of Prague and subsequently in 1978 it was handed over to the Administration of the Diplomatic Corps services in Prague, successor organization of which is today\u00b4s Diplomatic Service of the Ministry of Foreign Affaires.<\/p>\n<p style=\"line-height: 1.5em; text-align: justify; width: 95%;\">In the residence, which was divided into individual flats after the war, they were accommodated mainly employees of the Ministry of Foreign Affaires until&nbsp;1981. Later villa was leased to the Embassy of Nigeria for more, than twenty years, then the Embassy of the Republic of Cyprus, and currently the&nbsp;entire property is used by the Embassy of the Kazakhstan. <\/p>\n<\/div>\n<\/div>\n<\/div>\n<\/div>\n<p>&nbsp;<\/p>\n<hr \/>\n<p style=\"line-height: 1em; text-align: justify; width: 93%;\"><sup><sup>1<\/sup> Vl. \u010d. 700 k. \u00fa. St\u0159e\u0161ovice v\u00fdpis z pozemkov\u00e9 knihy ze dne 7. 4. 1992<br \/>\n<sup>2<\/sup> \u017didovsk\u00e9 muzeum v Praze, PhDr. Jana \u0160pl\u00edchalov\u00e1 https:\/\/www.holocaust.cz\/databaze-obeti\/obet\/80766-anna-diamantova\/, https:\/\/www.holocaust.cz\/databaze-dokumentu\/dokument\/373797-kafkova-marie-nezpracovano\/<br \/>\n<sup>3<\/sup>   \u00da\u0159ad m\u011bstsk\u00e9 \u010d\u00e1sti Praha 6, Odbor v\u00fdstavby, technick\u00e1 knihovna \u010d. j. III 16825\/28 ze dne 22. kv\u011btna 1928<br \/>\n<\/sup><\/p>\n<hr \/>\n<\/div>","protected":false},"excerpt":{"rendered":"<p>&nbsp; Use of the residence The property passed on September 13, 1945, according to the announcement of the Ministry of Labor Protection and Social<a class=\"moretag\" href=\"https:\/\/www.ds.cz\/en\/objekty-ds\/praha-6-stresovice\/pod-hradbami-662-9\/\">Cel\u00fd \u010dl\u00e1nek<\/a><\/p>\n","protected":false},"author":2,"featured_media":0,"parent":1530,"menu_order":0,"comment_status":"closed","ping_status":"closed","template":"","meta":{"_acf_changed":false,"footnotes":""},"acf":[],"aioseo_notices":[],"_links":{"self":[{"href":"https:\/\/www.ds.cz\/en\/wp-json\/wp\/v2\/pages\/1185"}],"collection":[{"href":"https:\/\/www.ds.cz\/en\/wp-json\/wp\/v2\/pages"}],"about":[{"href":"https:\/\/www.ds.cz\/en\/wp-json\/wp\/v2\/types\/page"}],"author":[{"embeddable":true,"href":"https:\/\/www.ds.cz\/en\/wp-json\/wp\/v2\/users\/2"}],"replies":[{"embeddable":true,"href":"https:\/\/www.ds.cz\/en\/wp-json\/wp\/v2\/comments?post=1185"}],"version-history":[{"count":14,"href":"https:\/\/www.ds.cz\/en\/wp-json\/wp\/v2\/pages\/1185\/revisions"}],"predecessor-version":[{"id":5680,"href":"https:\/\/www.ds.cz\/en\/wp-json\/wp\/v2\/pages\/1185\/revisions\/5680"}],"up":[{"embeddable":true,"href":"https:\/\/www.ds.cz\/en\/wp-json\/wp\/v2\/pages\/1530"}],"wp:attachment":[{"href":"https:\/\/www.ds.cz\/en\/wp-json\/wp\/v2\/media?parent=1185"}],"curies":[{"name":"wp","href":"https:\/\/api.w.org\/{rel}","templated":true}]}}

<hr />
<div style="padding: 0px 30px 30px 0px;">
<div style="text-align: justify;">
<div style="padding: 30px 30px 30px 30px;">
<div class="su-row"><div class="su-column su-column-size-1-2"><div class="su-column-inner su-u-clearfix su-u-trim">
<p><strong>Original owners</strong></p>
<p style="line-height: 1.5em; text-align: justify; width: 93%;">On June 25, 1927, bought Mrs. Anna Diamantová, born 14. 12. 1868 and&nbsp;Mrs. Mariana Kafková (birth surname Diamantová) born 15. 8. 1897, wife of lawyer JUDr. Pavel Kafka, from the Capital City of Prague, land with the ownership certificate No. 700, cadastral district Střešovice. It&nbsp;was&nbsp;entered in the title deed after both names „half Jewish“<sup>1</sup>.</p>
<p style="line-height: 1.5em; text-align: justify; width: 93%;">The Kafkaes become parents of two daughters, Hanna Kafková was born 2.&nbsp;5.&nbsp;1928 and Eva Kafková was born 17.4.1932. Family was forced to hand over the villa to the Emigration Fund for Bohemia and Moravia (Auswanderungsfond für Böhmen und Mähren) in April 1940. Fund was&nbsp;established a month earlier, as a component of the Central Office for&nbsp;Jewish Emigration. All confiscated property was transfered to the fund and the deportation of Jews was subsequently financed from it. In October, the entire Kafka family was deported to the ghetto in Lodž, in one of&nbsp;the&nbsp;first transports sent from Bohemia<sup>2</sup>. No one in the family lived to see the end of the war.</p>
</div></div>
<div class="su-column su-column-size-1-2"><div class="su-column-inner su-u-clearfix su-u-trim">
<strong>Villa architecture</strong></p>
<p style="line-height: 1.5em; text-align: justify; width: 93%;">The construction of the house was commissioned by the companies Ehrmann and Steuer, Jungmannova 32, Prague 2. The house was designed by the design company of Ing. Rudolf Ehrmann for mother and daughter as&nbsp;an elegant symmetrical semi-detached house in neo-classicist style. Completion of the construction proces dates back to May 22, 1928, when the City of Prague issued a permit to „ inhabit and use“<sup>3</sup>.</p>
</div></div></div>
<hr />
<div style="margin-left: 30px; margin-right: 30px;">
<div id='gallery-2' class='gallery galleryid-1185 gallery-columns-7 gallery-size-thumbnail'><dl class='gallery-item'>
			<dt class='gallery-icon portrait'>
				<a href='https://www.ds.cz/wp-content/uploads/2019/07/Pod-Hradbami-662_9_Původní-majitelka_Marianna-Kafková.jpg'><img loading="lazy" decoding="async" width="150" height="150" src="https://www.ds.cz/wp-content/uploads/2019/07/Pod-Hradbami-662_9_Původní-majitelka_Marianna-Kafková-150x150.jpg" class="attachment-thumbnail size-thumbnail" alt="Marianna Kafková" srcset="https://www.ds.cz/wp-content/uploads/2019/07/Pod-Hradbami-662_9_Původní-majitelka_Marianna-Kafková-150x150.jpg 150w, https://www.ds.cz/wp-content/uploads/2019/07/Pod-Hradbami-662_9_Původní-majitelka_Marianna-Kafková-300x300.jpg 300w, https://www.ds.cz/wp-content/uploads/2019/07/Pod-Hradbami-662_9_Původní-majitelka_Marianna-Kafková-220x220.jpg 220w" sizes="(max-width: 150px) 100vw, 150px" /></a>
			</dt></dl><dl class='gallery-item'>
			<dt class='gallery-icon landscape'>
				<a href='https://www.ds.cz/wp-content/uploads/2019/07/Pod-Hradbami_662_9-Původní-plán-domu.jpg'><img loading="lazy" decoding="async" width="150" height="150" src="https://www.ds.cz/wp-content/uploads/2019/07/Pod-Hradbami_662_9-Původní-plán-domu-150x150.jpg" class="attachment-thumbnail size-thumbnail" alt="Původní plán domu" srcset="https://www.ds.cz/wp-content/uploads/2019/07/Pod-Hradbami_662_9-Původní-plán-domu-150x150.jpg 150w, https://www.ds.cz/wp-content/uploads/2019/07/Pod-Hradbami_662_9-Původní-plán-domu-300x300.jpg 300w, https://www.ds.cz/wp-content/uploads/2019/07/Pod-Hradbami_662_9-Původní-plán-domu-220x220.jpg 220w" sizes="(max-width: 150px) 100vw, 150px" /></a>
			</dt></dl><dl class='gallery-item'>
			<dt class='gallery-icon landscape'>
				<a href='https://www.ds.cz/wp-content/uploads/2019/07/Pod-Hradbami-662_9-Zahrada.jpg'><img loading="lazy" decoding="async" width="150" height="150" src="https://www.ds.cz/wp-content/uploads/2019/07/Pod-Hradbami-662_9-Zahrada-150x150.jpg" class="attachment-thumbnail size-thumbnail" alt="Zahrada" srcset="https://www.ds.cz/wp-content/uploads/2019/07/Pod-Hradbami-662_9-Zahrada-150x150.jpg 150w, https://www.ds.cz/wp-content/uploads/2019/07/Pod-Hradbami-662_9-Zahrada-300x300.jpg 300w, https://www.ds.cz/wp-content/uploads/2019/07/Pod-Hradbami-662_9-Zahrada-220x220.jpg 220w" sizes="(max-width: 150px) 100vw, 150px" /></a>
			</dt></dl><dl class='gallery-item'>
			<dt class='gallery-icon landscape'>
				<a href='https://www.ds.cz/wp-content/uploads/2019/07/Pod-Hradbami-662_9-Pohled-z-ulice.jpg'><img loading="lazy" decoding="async" width="150" height="150" src="https://www.ds.cz/wp-content/uploads/2019/07/Pod-Hradbami-662_9-Pohled-z-ulice-150x150.jpg" class="attachment-thumbnail size-thumbnail" alt="Pohled z ulice" srcset="https://www.ds.cz/wp-content/uploads/2019/07/Pod-Hradbami-662_9-Pohled-z-ulice-150x150.jpg 150w, https://www.ds.cz/wp-content/uploads/2019/07/Pod-Hradbami-662_9-Pohled-z-ulice-300x300.jpg 300w, https://www.ds.cz/wp-content/uploads/2019/07/Pod-Hradbami-662_9-Pohled-z-ulice-220x220.jpg 220w" sizes="(max-width: 150px) 100vw, 150px" /></a>
			</dt></dl><dl class='gallery-item'>
			<dt class='gallery-icon landscape'>
				<a href='https://www.ds.cz/wp-content/uploads/2019/07/Pod-Hradbami-662_9-Pohled-ze-zahrady.jpg'><img loading="lazy" decoding="async" width="150" height="150" src="https://www.ds.cz/wp-content/uploads/2019/07/Pod-Hradbami-662_9-Pohled-ze-zahrady-150x150.jpg" class="attachment-thumbnail size-thumbnail" alt="Pohled ze zahrady" srcset="https://www.ds.cz/wp-content/uploads/2019/07/Pod-Hradbami-662_9-Pohled-ze-zahrady-150x150.jpg 150w, https://www.ds.cz/wp-content/uploads/2019/07/Pod-Hradbami-662_9-Pohled-ze-zahrady-300x300.jpg 300w, https://www.ds.cz/wp-content/uploads/2019/07/Pod-Hradbami-662_9-Pohled-ze-zahrady-220x220.jpg 220w" sizes="(max-width: 150px) 100vw, 150px" /></a>
			</dt></dl><dl class='gallery-item'>
			<dt class='gallery-icon landscape'>
				<a href='https://www.ds.cz/wp-content/uploads/2019/07/Pod-Hradbami-662_9-Exteriér-domu.jpg'><img loading="lazy" decoding="async" width="150" height="150" src="https://www.ds.cz/wp-content/uploads/2019/07/Pod-Hradbami-662_9-Exteriér-domu-150x150.jpg" class="attachment-thumbnail size-thumbnail" alt="Exteriér domu" srcset="https://www.ds.cz/wp-content/uploads/2019/07/Pod-Hradbami-662_9-Exteriér-domu-150x150.jpg 150w, https://www.ds.cz/wp-content/uploads/2019/07/Pod-Hradbami-662_9-Exteriér-domu-300x300.jpg 300w, https://www.ds.cz/wp-content/uploads/2019/07/Pod-Hradbami-662_9-Exteriér-domu-220x220.jpg 220w" sizes="(max-width: 150px) 100vw, 150px" /></a>
			</dt></dl><dl class='gallery-item'>
			<dt class='gallery-icon landscape'>
				<a href='https://www.ds.cz/wp-content/uploads/2019/07/Pod-Hradbami-662_9-Interiér-domu.jpg'><img loading="lazy" decoding="async" width="150" height="150" src="https://www.ds.cz/wp-content/uploads/2019/07/Pod-Hradbami-662_9-Interiér-domu-150x150.jpg" class="attachment-thumbnail size-thumbnail" alt="Interiér domu" srcset="https://www.ds.cz/wp-content/uploads/2019/07/Pod-Hradbami-662_9-Interiér-domu-150x150.jpg 150w, https://www.ds.cz/wp-content/uploads/2019/07/Pod-Hradbami-662_9-Interiér-domu-300x300.jpg 300w, https://www.ds.cz/wp-content/uploads/2019/07/Pod-Hradbami-662_9-Interiér-domu-220x220.jpg 220w" sizes="(max-width: 150px) 100vw, 150px" /></a>
			</dt></dl><br style="clear: both" />
		</div>

</div>
<hr>
<p>&nbsp;</p>
<div style="background-color: #e9e9ea; width: 100%;">
<div style="padding: 30px 30px 30px 30px;">
<p><strong>Use of the residence</strong></p>
<p style="line-height: 1.5em; text-align: justify; width: 95%;">The property passed on September 13, 1945, according to the announcement of the Ministry of Labor Protection and Social Care, of July 17, 194, No&nbsp;4300 – 17/7 and Decree of the President of the Republic 19/5 1945 No5 Coll., under the National Administration. The villa was managed by&nbsp;the&nbsp;Housing company of the Capital of the City of Prague and subsequently in 1978 it was handed over to the Administration of the Diplomatic Corps services in Prague, successor organization of which is today´s Diplomatic Service of the Ministry of Foreign Affaires.</p>
<p style="line-height: 1.5em; text-align: justify; width: 95%;">In the residence, which was divided into individual flats after the war, they were accommodated mainly employees of the Ministry of Foreign Affaires until&nbsp;1981. Later villa was leased to the Embassy of Nigeria for more, than twenty years, then the Embassy of the Republic of Cyprus, and currently the&nbsp;entire property is used by the Embassy of the Kazakhstan. </p>
</div>
</div>
</div>
</div>
<p>&nbsp;</p>
<hr />
<p style="line-height: 1em; text-align: justify; width: 93%;"><sup><sup>1</sup> Vl. č. 700 k. ú. Střešovice výpis z pozemkové knihy ze dne 7. 4. 1992<br />
<sup>2</sup> Židovské muzeum v Praze, PhDr. Jana Šplíchalová https://www.holocaust.cz/databaze-obeti/obet/80766-anna-diamantova/, https://www.holocaust.cz/databaze-dokumentu/dokument/373797-kafkova-marie-nezpracovano/<br />
<sup>3</sup>   Úřad městské části Praha 6, Odbor výstavby, technická knihovna č. j. III 16825/28 ze dne 22. května 1928<br />
</sup></p>
<hr />
</div>

<p>&nbsp; Use of the residence The property passed on September 13, 1945, according to the announcement of the Ministry of Labor Protection and Social<a class="moretag" href="https://www.ds.cz/en/objekty-ds/praha-6-stresovice/pod-hradbami-662-9/">Celý článek</a></p>
